{"id":2436,"date":"2015-09-09T15:48:37","date_gmt":"2015-09-09T23:48:37","guid":{"rendered":"http:\/\/dharservices.com\/?page_id=2436"},"modified":"2016-03-25T19:20:14","modified_gmt":"2016-03-26T03:20:14","slug":"gina-garcia","status":"publish","type":"page","link":"https:\/\/dharservices.com\/?page_id=2436","title":{"rendered":"Gina Xiomara Garc\u00eda"},"content":{"rendered":"<p>strong&gt;<span style=\"color: #0000ff;\"><img loading=\"lazy\" decoding=\"async\" class=\"alignleft size-medium wp-image-2675\" src=\"http:\/\/dharservices.com\/wp-content\/uploads\/2015\/09\/Gina-para-a-web-gina-00000006-211x300.jpg\" alt=\"Gina para ;a web gina 00000006\" width=\"211\" height=\"300\" srcset=\"https:\/\/dharservices.com\/wp-content\/uploads\/2015\/09\/Gina-para-a-web-gina-00000006-211x300.jpg 211w, https:\/\/dharservices.com\/wp-content\/uploads\/2015\/09\/Gina-para-a-web-gina-00000006-105x150.jpg 105w, https:\/\/dharservices.com\/wp-content\/uploads\/2015\/09\/Gina-para-a-web-gina-00000006.jpg 416w\" sizes=\"auto, (max-width: 211px) 100vw, 211px\" \/>Directora Gr\u00e1fica<\/span><\/p>\n<p>Dise\u00f1adora Gr\u00e1fica, c<span style=\"color: #000000;\">on amplia experiencia en el campo de producci\u00f3n de cine y televisi\u00f3n, donde ha desempe\u00f1ado funciones como asistente de producci\u00f3n y gui\u00f3n en cortometraje y video clip, m\u00e1s la planeaci\u00f3n, coordinaci\u00f3n y ejecuci\u00f3n de eventos.\u00a0<\/span><\/p>\n<p><span style=\"color: #000000;\">Ha puesto su creatividad y talento en la coordinaci\u00f3n de planes de rodajes, de casting, reparto, art\u00edstica y de montaje.<\/span><\/p>\n<p><span style=\"color: #000000;\">Tiene habilidad en el manejo de mercadeo y publicidad, edici\u00f3n, planeaci\u00f3n, coordinaci\u00f3n, ejecuci\u00f3n de eventos y promoci\u00f3n.<\/span><\/p>\n<p><strong><span style=\"color: #0000ff;\">gina.garcia@dharservices.com<\/span><\/strong><\/p>\n","protected":false},"excerpt":{"rendered":"<p>strong&gt;Directora Gr\u00e1fica Dise\u00f1adora Gr\u00e1fica, con amplia experiencia en el campo de producci\u00f3n de cine y televisi\u00f3n, donde ha desempe\u00f1ado funciones como asistente de producci\u00f3n y gui\u00f3n en cortometraje y video clip, m\u00e1s la planeaci\u00f3n, coordinaci\u00f3n y ejecuci\u00f3n de eventos.\u00a0 Ha puesto su creatividad y talento en la coordinaci\u00f3n de planes de rodajes, de casting, reparto, art\u00edstica y de montaje. Tiene habilidad en el manejo de mercadeo y publicidad, edici\u00f3n, planeaci\u00f3n, coordinaci\u00f3n, ejecuci\u00f3n de eventos y promoci\u00f3n. gina.garcia@dharservices.com<\/p>\n","protected":false},"author":1,"featured_media":0,"parent":0,"menu_order":0,"comment_status":"closed","ping_status":"closed","template":"","meta":{"footnotes":""},"class_list":["post-2436","page","type-page","status-publish","hentry"],"_links":{"self":[{"href":"https:\/\/dharservices.com\/index.php?rest_route=\/wp\/v2\/pages\/2436","targetHints":{"allow":["GET"]}}],"collection":[{"href":"https:\/\/dharservices.com\/index.php?rest_route=\/wp\/v2\/pages"}],"about":[{"href":"https:\/\/dharservices.com\/index.php?rest_route=\/wp\/v2\/types\/page"}],"author":[{"embeddable":true,"href":"https:\/\/dharservices.com\/index.php?rest_route=\/wp\/v2\/users\/1"}],"replies":[{"embeddable":true,"href":"https:\/\/dharservices.com\/index.php?rest_route=%2Fwp%2Fv2%2Fcomments&post=2436"}],"version-history":[{"count":18,"href":"https:\/\/dharservices.com\/index.php?rest_route=\/wp\/v2\/pages\/2436\/revisions"}],"predecessor-version":[{"id":4046,"href":"https:\/\/dharservices.com\/index.php?rest_route=\/wp\/v2\/pages\/2436\/revisions\/4046"}],"wp:attachment":[{"href":"https:\/\/dharservices.com\/index.php?rest_route=%2Fwp%2Fv2%2Fmedia&parent=2436"}],"curies":[{"name":"wp","href":"https:\/\/api.w.org\/{rel}","templated":true}]}}