{"id":2514,"date":"2015-09-16T16:45:32","date_gmt":"2015-09-17T00:45:32","guid":{"rendered":"http:\/\/dharservices.com\/?page_id=2514"},"modified":"2016-02-26T11:56:27","modified_gmt":"2016-02-26T19:56:27","slug":"maritza-trujillo","status":"publish","type":"page","link":"https:\/\/dharservices.com\/?page_id=2514","title":{"rendered":"Trujillo, Maritza"},"content":{"rendered":"<p><span style=\"color: #000000;\"><img loading=\"lazy\" decoding=\"async\" class=\" wp-image-2559 alignleft\" src=\"http:\/\/dharservices.com\/wp-content\/uploads\/2015\/09\/Foto-Maritza-trijillo-249x300.jpg\" alt=\"Foto Maritza trijillo\" width=\"181\" height=\"219\" srcset=\"https:\/\/dharservices.com\/wp-content\/uploads\/2015\/09\/Foto-Maritza-trijillo-249x300.jpg 249w, https:\/\/dharservices.com\/wp-content\/uploads\/2015\/09\/Foto-Maritza-trijillo.jpg 391w\" sizes=\"auto, (max-width: 181px) 100vw, 181px\" \/>Cubano americana, residente en Miami, Florida, Estados Unidos.\u00a0Estudi\u00f3 Ingenier\u00eda Qu\u00edmica en la Universidad de Oriente, Cuba.<\/span><\/p>\n<p><span style=\"color: #000000;\">Pertenece a:\u00a0<\/span><span style=\"color: #000000;\">&#8220;Club de Literatura\u201d de\u00a0Francisca Arg\u00fcelles, l<\/span><span style=\"color: #000000;\">a organizaci\u00f3n Arte Milenio,\u00a0que dirige el periodista\u00a0Enrique de Miranda,\u00a0<\/span><span style=\"color: #000000;\">&#8220;De los Encuentros Literarios\u00a0Internacionales Luz del Coraz\u00f3n&#8221; (ELILUC).\u00a0<\/span><\/p>\n<p><span style=\"color: #000000;\">En su vida de estudiante en Cuba, recibi\u00f3 un premio por el art\u00edculo\u00a0que escribi\u00f3 de la vida pol\u00edtica de\u00a0Jos\u00e9 Mart\u00ed.<\/span><\/p>\n<p><img loading=\"lazy\" decoding=\"async\" class=\"alignleft size-medium wp-image-3303\" src=\"http:\/\/dharservices.com\/wp-content\/uploads\/2016\/01\/web-CUENTOS-Y-RELATOS-1-250x300.jpg\" alt=\"web - CUENTOS Y RELATOS\" width=\"250\" height=\"300\" srcset=\"https:\/\/dharservices.com\/wp-content\/uploads\/2016\/01\/web-CUENTOS-Y-RELATOS-1-250x300.jpg 250w, https:\/\/dharservices.com\/wp-content\/uploads\/2016\/01\/web-CUENTOS-Y-RELATOS-1-125x150.jpg 125w, https:\/\/dharservices.com\/wp-content\/uploads\/2016\/01\/web-CUENTOS-Y-RELATOS-1-768x921.jpg 768w, https:\/\/dharservices.com\/wp-content\/uploads\/2016\/01\/web-CUENTOS-Y-RELATOS-1-854x1024.jpg 854w\" sizes=\"auto, (max-width: 250px) 100vw, 250px\" \/><\/p>\n<p>&nbsp;<\/p>\n<p>&nbsp;<\/p>\n<p>&nbsp;<\/p>\n<p>&nbsp;<\/p>\n<p>&nbsp;<\/p>\n<p>&nbsp;<\/p>\n<p>&nbsp;<\/p>\n<p>&nbsp;<\/p>\n<p>Obtenlo en: www.amazon.com<\/p>\n<p>Particip\u00f3 en las antolog\u00edas:<\/p>\n<p><img loading=\"lazy\" decoding=\"async\" class=\"alignleft size-medium wp-image-3396\" src=\"http:\/\/dharservices.com\/wp-content\/uploads\/2016\/01\/dhar-book-web-el-espacio-infinito-del-cuento-208x300.jpg\" alt=\"dhar book web el espacio infinito del cuento\" width=\"208\" height=\"300\" srcset=\"https:\/\/dharservices.com\/wp-content\/uploads\/2016\/01\/dhar-book-web-el-espacio-infinito-del-cuento-208x300.jpg 208w, https:\/\/dharservices.com\/wp-content\/uploads\/2016\/01\/dhar-book-web-el-espacio-infinito-del-cuento-104x150.jpg 104w, https:\/\/dharservices.com\/wp-content\/uploads\/2016\/01\/dhar-book-web-el-espacio-infinito-del-cuento-768x1108.jpg 768w, https:\/\/dharservices.com\/wp-content\/uploads\/2016\/01\/dhar-book-web-el-espacio-infinito-del-cuento-710x1024.jpg 710w\" sizes=\"auto, (max-width: 208px) 100vw, 208px\" \/><img loading=\"lazy\" decoding=\"async\" class=\"alignleft size-medium wp-image-3430\" src=\"http:\/\/dharservices.com\/wp-content\/uploads\/2016\/01\/web-CERCA-MUY-CERCA-250x300.jpg\" alt=\"web - CERCA MUY CERCA\" width=\"250\" height=\"300\" srcset=\"https:\/\/dharservices.com\/wp-content\/uploads\/2016\/01\/web-CERCA-MUY-CERCA-250x300.jpg 250w, https:\/\/dharservices.com\/wp-content\/uploads\/2016\/01\/web-CERCA-MUY-CERCA-125x150.jpg 125w, https:\/\/dharservices.com\/wp-content\/uploads\/2016\/01\/web-CERCA-MUY-CERCA-768x921.jpg 768w, https:\/\/dharservices.com\/wp-content\/uploads\/2016\/01\/web-CERCA-MUY-CERCA-854x1024.jpg 854w\" sizes=\"auto, (max-width: 250px) 100vw, 250px\" \/><\/p>\n","protected":false},"excerpt":{"rendered":"<p>Cubano americana, residente en Miami, Florida, Estados Unidos.\u00a0Estudi\u00f3 Ingenier\u00eda Qu\u00edmica en la Universidad de Oriente, Cuba. Pertenece a:\u00a0&#8220;Club de Literatura\u201d de\u00a0Francisca Arg\u00fcelles, la organizaci\u00f3n Arte Milenio,\u00a0que dirige el periodista\u00a0Enrique de Miranda,\u00a0&#8220;De los Encuentros Literarios\u00a0Internacionales Luz del Coraz\u00f3n&#8221; (ELILUC).\u00a0 En su vida de estudiante en Cuba, recibi\u00f3 un premio por el art\u00edculo\u00a0que escribi\u00f3 de la vida pol\u00edtica de\u00a0Jos\u00e9 Mart\u00ed. &nbsp; &nbsp; &nbsp; &nbsp; &nbsp; &nbsp; &nbsp; &nbsp; Obtenlo en: www.amazon.com Particip\u00f3 en las antolog\u00edas:<\/p>\n","protected":false},"author":1,"featured_media":0,"parent":0,"menu_order":0,"comment_status":"closed","ping_status":"closed","template":"","meta":{"footnotes":""},"class_list":["post-2514","page","type-page","status-publish","hentry"],"_links":{"self":[{"href":"https:\/\/dharservices.com\/index.php?rest_route=\/wp\/v2\/pages\/2514","targetHints":{"allow":["GET"]}}],"collection":[{"href":"https:\/\/dharservices.com\/index.php?rest_route=\/wp\/v2\/pages"}],"about":[{"href":"https:\/\/dharservices.com\/index.php?rest_route=\/wp\/v2\/types\/page"}],"author":[{"embeddable":true,"href":"https:\/\/dharservices.com\/index.php?rest_route=\/wp\/v2\/users\/1"}],"replies":[{"embeddable":true,"href":"https:\/\/dharservices.com\/index.php?rest_route=%2Fwp%2Fv2%2Fcomments&post=2514"}],"version-history":[{"count":6,"href":"https:\/\/dharservices.com\/index.php?rest_route=\/wp\/v2\/pages\/2514\/revisions"}],"predecessor-version":[{"id":3893,"href":"https:\/\/dharservices.com\/index.php?rest_route=\/wp\/v2\/pages\/2514\/revisions\/3893"}],"wp:attachment":[{"href":"https:\/\/dharservices.com\/index.php?rest_route=%2Fwp%2Fv2%2Fmedia&parent=2514"}],"curies":[{"name":"wp","href":"https:\/\/api.w.org\/{rel}","templated":true}]}}