{"id":2545,"date":"2015-09-16T17:24:37","date_gmt":"2015-09-17T01:24:37","guid":{"rendered":"http:\/\/dharservices.com\/?page_id=2545"},"modified":"2015-09-16T17:24:37","modified_gmt":"2015-09-17T01:24:37","slug":"sanako-hurtado-3","status":"publish","type":"page","link":"https:\/\/dharservices.com\/?page_id=2545","title":{"rendered":"Sanako Hurtado"},"content":{"rendered":"<p><span style=\"color: #000000;\"><strong><img loading=\"lazy\" decoding=\"async\" class=\" wp-image-2546 alignleft\" src=\"http:\/\/dharservices.com\/wp-content\/uploads\/2015\/09\/sanako-IMGP0148-214x300.png\" alt=\"sanako IMGP0148\" width=\"184\" height=\"258\" srcset=\"https:\/\/dharservices.com\/wp-content\/uploads\/2015\/09\/sanako-IMGP0148-214x300.png 214w, https:\/\/dharservices.com\/wp-content\/uploads\/2015\/09\/sanako-IMGP0148-730x1024.png 730w, https:\/\/dharservices.com\/wp-content\/uploads\/2015\/09\/sanako-IMGP0148.png 800w\" sizes=\"auto, (max-width: 184px) 100vw, 184px\" \/><span style=\"color: #0000ff;\">Traductora<\/span><\/strong><\/span><\/p>\n<p><span style=\"color: #000000;\">Nac\u00ed y crec\u00ed en Venezuela \u00a0en medio de una hermosa familia que me cri\u00f3 en una mezcla de pol\u00edtica de n\u00facleo duro, vida urbana y sabidur\u00eda rural. Tengo estudios formales en Negocios con especialidad en Banco y Finanzas, Gesti\u00f3n de Proyectos, e hice una breve incursi\u00f3n por un a\u00f1o en Dise\u00f1o de Modas. Despu\u00e9s de trabajar durante un corto per\u00edodo de tiempo con un importante banco, y luego con algunas otras empresas relacionadas con las finanzas, encontr\u00e9 mi verdadera pasi\u00f3n en la vida: el estudio del concepto de Dios y el esp\u00edritu.<\/span><\/p>\n<p><span style=\"color: #000000;\">Durante los \u00faltimos cuatro a\u00f1os de mi vida, me he dedicado con entusiasmo a la comprensi\u00f3n de mi relaci\u00f3n humana y la interconexi\u00f3n con lo divino. Durante esos cuatro a\u00f1os, pas\u00e9 tres asistiendo a una importante escuela de la sabidur\u00eda antigua en el noroeste del Pac\u00edfico, me convert\u00ed en una regresionista de sanaci\u00f3n cu\u00e1ntica certificada; y tambi\u00e9n, he estado desarrollando mi propia t\u00e9cnica de sanaci\u00f3n energ\u00e9tica guiada por mi esp\u00edritu. Al d\u00eda de hoy, sigo con mi dedicaci\u00f3n para incorporar y ampliar los descubrimientos de mi viaje espiritual en mi vida d\u00eda a d\u00eda.<\/span><\/p>\n","protected":false},"excerpt":{"rendered":"<p>Traductora Nac\u00ed y crec\u00ed en Venezuela \u00a0en medio de una hermosa familia que me cri\u00f3 en una mezcla de pol\u00edtica de n\u00facleo duro, vida urbana y sabidur\u00eda rural. Tengo estudios formales en Negocios con especialidad en Banco y Finanzas, Gesti\u00f3n de Proyectos, e hice una breve incursi\u00f3n por un a\u00f1o en Dise\u00f1o de Modas. Despu\u00e9s de trabajar durante un corto per\u00edodo de tiempo con un importante banco, y luego con algunas otras empresas relacionadas con las finanzas, encontr\u00e9 mi verdadera pasi\u00f3n en la vida: el estudio del concepto de Dios y el esp\u00edritu. Durante los \u00faltimos cuatro a\u00f1os de mi vida, me he dedicado con entusiasmo a la comprensi\u00f3n de mi relaci\u00f3n humana y la interconexi\u00f3n con lo divino. Durante esos cuatro a\u00f1os, pas\u00e9 tres asistiendo a una importante escuela de la sabidur\u00eda antigua en el noroeste del Pac\u00edfico, me convert\u00ed en una regresionista de sanaci\u00f3n cu\u00e1ntica certificada; y tambi\u00e9n, he estado desarrollando mi propia t\u00e9cnica de sanaci\u00f3n energ\u00e9tica guiada por mi esp\u00edritu. Al d\u00eda de hoy, sigo con mi dedicaci\u00f3n para incorporar y ampliar los descubrimientos de mi viaje espiritual en mi vida d\u00eda a d\u00eda.<\/p>\n","protected":false},"author":1,"featured_media":0,"parent":0,"menu_order":0,"comment_status":"closed","ping_status":"closed","template":"","meta":{"footnotes":""},"class_list":["post-2545","page","type-page","status-publish","hentry"],"_links":{"self":[{"href":"https:\/\/dharservices.com\/index.php?rest_route=\/wp\/v2\/pages\/2545","targetHints":{"allow":["GET"]}}],"collection":[{"href":"https:\/\/dharservices.com\/index.php?rest_route=\/wp\/v2\/pages"}],"about":[{"href":"https:\/\/dharservices.com\/index.php?rest_route=\/wp\/v2\/types\/page"}],"author":[{"embeddable":true,"href":"https:\/\/dharservices.com\/index.php?rest_route=\/wp\/v2\/users\/1"}],"replies":[{"embeddable":true,"href":"https:\/\/dharservices.com\/index.php?rest_route=%2Fwp%2Fv2%2Fcomments&post=2545"}],"version-history":[{"count":1,"href":"https:\/\/dharservices.com\/index.php?rest_route=\/wp\/v2\/pages\/2545\/revisions"}],"predecessor-version":[{"id":2547,"href":"https:\/\/dharservices.com\/index.php?rest_route=\/wp\/v2\/pages\/2545\/revisions\/2547"}],"wp:attachment":[{"href":"https:\/\/dharservices.com\/index.php?rest_route=%2Fwp%2Fv2%2Fmedia&parent=2545"}],"curies":[{"name":"wp","href":"https:\/\/api.w.org\/{rel}","templated":true}]}}