{"id":2562,"date":"2015-09-16T17:45:01","date_gmt":"2015-09-17T01:45:01","guid":{"rendered":"http:\/\/dharservices.com\/?page_id=2562"},"modified":"2016-02-26T11:37:44","modified_gmt":"2016-02-26T19:37:44","slug":"francisca-arguelles-2","status":"publish","type":"page","link":"https:\/\/dharservices.com\/?page_id=2562","title":{"rendered":"Arg\u00fcelles, Francisca"},"content":{"rendered":"<p><span style=\"color: #000000;\"><img loading=\"lazy\" decoding=\"async\" class=\" wp-image-2566 alignleft\" src=\"http:\/\/dharservices.com\/wp-content\/uploads\/2015\/09\/Francisca.jpg\" alt=\"Francisca\" width=\"207\" height=\"246\" \/>Graduada de Contador- Planificador, en el Instituto de Administraci\u00f3n y Comercio de La Habana.<\/span><\/p>\n<p><span style=\"color: #000000;\">Su afici\u00f3n a la lectura es gen\u00e9tica. Particip\u00f3 en reuniones y Pe\u00f1as Literarias en Cuba, donde gan\u00f3 dos premios en cuento.\u00a0En Estados Unidos, funda y dirige el <strong>&#8220;Club de Literatura&#8221;<\/strong>, grupo literario que cumpli\u00f3 ocho a\u00f1os en enero del 2015.<\/span><\/p>\n<p><span style=\"color: #000000;\">Han publicado tres antolog\u00edas:\u00a02010-&#8220;Un Horizonte Literario&#8221;,\u00a02012-&#8220;Navegante de Palabras&#8221;,\u00a02014-&#8220;El Espacio Infinito del Cuento&#8221;.<\/span><\/p>\n<p><span style=\"color: #000000;\">Obtuvo el Cuarto Premio de &#8220;Poes\u00eda Latinoamericana&#8221;\u00a0D&#8217;har Services Editorial Arte en Dise\u00f1o Global, 2011.\u00a0El Premio &#8220;Dedicaci\u00f3n Latina 2011&#8221; por United Health Care.<\/span><\/p>\n<p><span style=\"color: #000000;\">Homenajeada en el Festival Int. de Poes\u00eda &#8220;Grito de Mujer&#8221; 2012, por la Sociedad de Poetas y Escritores Hispanos AIPEH, y &#8220;Encuentros Literarios Internacionales Luz del Coraz\u00f3n&#8221; ELILUC.<\/span><\/p>\n<p><span style=\"color: #000000;\">Ganadora de un Acc\u00e9sit en el V Certamen de Poes\u00eda Mar\u00eda Pilar Escalera Mart\u00ednez, Internacional, en Teruel, Arag\u00f3n Espa\u00f1a. 2012.<\/span><\/p>\n<p><span style=\"color: #000000;\">&#8220;La Sociedad de Poetas y Escritores&#8221; de Miami, le otorg\u00f3 el Segundo Lugar, en el Concurso de Narrativa &#8220;Ejercicio Literario 2012&#8221;-<\/span><\/p>\n<p><span style=\"color: #000000;\">En D&#8217;har Services, Editorial Arte en Dise\u00f1o Global , recibi\u00f3 el Primer Premio\u00a0 Latinoamericano de &#8220;Cuento Corto&#8221;, 2014.<\/span><\/p>\n<p><span style=\"color: #000000;\">Particip\u00f3 y colabor\u00f3 con el &#8220;Club de Literatura&#8221; en el libro de Priscila de la Cruz &#8220;Cerca muy Cerca&#8221;, Homenaje a los ni\u00f1os de Fundaci\u00f3n Magdalena, 2015.<\/span><\/p>\n<p><span style=\"color: #000000;\">Su primera obra literaria &#8220;25 Encuentros con el Tiempo&#8221;, publicada en marzo del 2013, las tres antolog\u00edas del &#8220;Club de Literatura&#8221; y el libro &#8220;Cerca muy Cerca&#8221; se encuentran en:<\/span><\/p>\n<p><strong><span style=\"color: #33cccc;\"><a style=\"color: #33cccc;\" href=\"https:\/\/www.amazon.com\" target=\"_blank\">www.amazon.com<\/a><\/span><\/strong><span style=\"color: #000000;\"> y<\/span> <strong><span style=\"color: #33cccc;\"><a style=\"color: #33cccc;\" href=\"http:\/\/www.dharservices.com\" target=\"_blank\">www.dharservices.com<\/a><\/span><\/strong><\/p>\n<p><img loading=\"lazy\" decoding=\"async\" class=\"alignleft size-medium wp-image-3431\" src=\"http:\/\/dharservices.com\/wp-content\/uploads\/2016\/01\/web-EL-AMOR-QUE-LLEVO-DENTRO-2-250x300.jpg\" alt=\"web - EL AMOR QUE LLEVO DENTRO\" width=\"250\" height=\"300\" srcset=\"https:\/\/dharservices.com\/wp-content\/uploads\/2016\/01\/web-EL-AMOR-QUE-LLEVO-DENTRO-2-250x300.jpg 250w, https:\/\/dharservices.com\/wp-content\/uploads\/2016\/01\/web-EL-AMOR-QUE-LLEVO-DENTRO-2-125x150.jpg 125w, https:\/\/dharservices.com\/wp-content\/uploads\/2016\/01\/web-EL-AMOR-QUE-LLEVO-DENTRO-2-768x921.jpg 768w, https:\/\/dharservices.com\/wp-content\/uploads\/2016\/01\/web-EL-AMOR-QUE-LLEVO-DENTRO-2-854x1024.jpg 854w\" sizes=\"auto, (max-width: 250px) 100vw, 250px\" \/><img loading=\"lazy\" decoding=\"async\" class=\"alignleft size-medium wp-image-3429\" src=\"http:\/\/dharservices.com\/wp-content\/uploads\/2016\/01\/web-25-ENCUENTROS-CON-EL-TIEMPO-250x300.jpg\" alt=\"web 25 ENCUENTROS CON EL TIEMPO\" width=\"250\" height=\"300\" srcset=\"https:\/\/dharservices.com\/wp-content\/uploads\/2016\/01\/web-25-ENCUENTROS-CON-EL-TIEMPO-250x300.jpg 250w, https:\/\/dharservices.com\/wp-content\/uploads\/2016\/01\/web-25-ENCUENTROS-CON-EL-TIEMPO-125x150.jpg 125w, https:\/\/dharservices.com\/wp-content\/uploads\/2016\/01\/web-25-ENCUENTROS-CON-EL-TIEMPO-768x922.jpg 768w, https:\/\/dharservices.com\/wp-content\/uploads\/2016\/01\/web-25-ENCUENTROS-CON-EL-TIEMPO-853x1024.jpg 853w\" sizes=\"auto, (max-width: 250px) 100vw, 250px\" \/><\/p>\n<p>&nbsp;<\/p>\n<p>&nbsp;<\/p>\n<p>&nbsp;<\/p>\n<p>&nbsp;<\/p>\n<p>&nbsp;<\/p>\n<p>&nbsp;<\/p>\n<p>&nbsp;<\/p>\n<p>&nbsp;<\/p>\n<p>Particip\u00f3 en las antolog\u00edas:<\/p>\n<p><img loading=\"lazy\" decoding=\"async\" class=\"alignleft size-medium wp-image-3430\" src=\"http:\/\/dharservices.com\/wp-content\/uploads\/2016\/01\/web-CERCA-MUY-CERCA-250x300.jpg\" alt=\"web - CERCA MUY CERCA\" width=\"250\" height=\"300\" srcset=\"https:\/\/dharservices.com\/wp-content\/uploads\/2016\/01\/web-CERCA-MUY-CERCA-250x300.jpg 250w, https:\/\/dharservices.com\/wp-content\/uploads\/2016\/01\/web-CERCA-MUY-CERCA-125x150.jpg 125w, https:\/\/dharservices.com\/wp-content\/uploads\/2016\/01\/web-CERCA-MUY-CERCA-768x921.jpg 768w, https:\/\/dharservices.com\/wp-content\/uploads\/2016\/01\/web-CERCA-MUY-CERCA-854x1024.jpg 854w\" sizes=\"auto, (max-width: 250px) 100vw, 250px\" \/><img loading=\"lazy\" decoding=\"async\" class=\"alignleft size-medium wp-image-3396\" src=\"http:\/\/dharservices.com\/wp-content\/uploads\/2016\/01\/dhar-book-web-el-espacio-infinito-del-cuento-208x300.jpg\" alt=\"dhar book web el espacio infinito del cuento\" width=\"208\" height=\"300\" srcset=\"https:\/\/dharservices.com\/wp-content\/uploads\/2016\/01\/dhar-book-web-el-espacio-infinito-del-cuento-208x300.jpg 208w, https:\/\/dharservices.com\/wp-content\/uploads\/2016\/01\/dhar-book-web-el-espacio-infinito-del-cuento-104x150.jpg 104w, https:\/\/dharservices.com\/wp-content\/uploads\/2016\/01\/dhar-book-web-el-espacio-infinito-del-cuento-768x1108.jpg 768w, https:\/\/dharservices.com\/wp-content\/uploads\/2016\/01\/dhar-book-web-el-espacio-infinito-del-cuento-710x1024.jpg 710w\" sizes=\"auto, (max-width: 208px) 100vw, 208px\" \/><\/p>\n<p><img loading=\"lazy\" decoding=\"async\" class=\"alignleft size-medium wp-image-3405\" src=\"http:\/\/dharservices.com\/wp-content\/uploads\/2016\/01\/dhar-book-web-Navegantes-de-palabras-208x300.jpg\" alt=\"dhar book web Navegantes de palabras\" width=\"208\" height=\"300\" srcset=\"https:\/\/dharservices.com\/wp-content\/uploads\/2016\/01\/dhar-book-web-Navegantes-de-palabras-208x300.jpg 208w, https:\/\/dharservices.com\/wp-content\/uploads\/2016\/01\/dhar-book-web-Navegantes-de-palabras-104x150.jpg 104w, https:\/\/dharservices.com\/wp-content\/uploads\/2016\/01\/dhar-book-web-Navegantes-de-palabras-768x1108.jpg 768w, https:\/\/dharservices.com\/wp-content\/uploads\/2016\/01\/dhar-book-web-Navegantes-de-palabras-710x1024.jpg 710w\" sizes=\"auto, (max-width: 208px) 100vw, 208px\" \/><\/p>\n<p><img loading=\"lazy\" decoding=\"async\" class=\"alignleft size-medium wp-image-3409\" src=\"http:\/\/dharservices.com\/wp-content\/uploads\/2016\/01\/dhar-book-web-Un-horizonte-literario-208x300.jpg\" alt=\"dhar book web Un horizonte literario\" width=\"208\" height=\"300\" srcset=\"https:\/\/dharservices.com\/wp-content\/uploads\/2016\/01\/dhar-book-web-Un-horizonte-literario-208x300.jpg 208w, https:\/\/dharservices.com\/wp-content\/uploads\/2016\/01\/dhar-book-web-Un-horizonte-literario-104x150.jpg 104w, https:\/\/dharservices.com\/wp-content\/uploads\/2016\/01\/dhar-book-web-Un-horizonte-literario-768x1108.jpg 768w, https:\/\/dharservices.com\/wp-content\/uploads\/2016\/01\/dhar-book-web-Un-horizonte-literario-710x1024.jpg 710w\" sizes=\"auto, (max-width: 208px) 100vw, 208px\" \/><\/p>\n","protected":false},"excerpt":{"rendered":"<p>Graduada de Contador- Planificador, en el Instituto de Administraci\u00f3n y Comercio de La Habana. Su afici\u00f3n a la lectura es gen\u00e9tica. Particip\u00f3 en reuniones y Pe\u00f1as Literarias en Cuba, donde gan\u00f3 dos premios en cuento.\u00a0En Estados Unidos, funda y dirige el &#8220;Club de Literatura&#8221;, grupo literario que cumpli\u00f3 ocho a\u00f1os en enero del 2015. Han publicado tres antolog\u00edas:\u00a02010-&#8220;Un Horizonte Literario&#8221;,\u00a02012-&#8220;Navegante de Palabras&#8221;,\u00a02014-&#8220;El Espacio Infinito del Cuento&#8221;. Obtuvo el Cuarto Premio de &#8220;Poes\u00eda Latinoamericana&#8221;\u00a0D&#8217;har Services Editorial Arte en Dise\u00f1o Global, 2011.\u00a0El Premio &#8220;Dedicaci\u00f3n Latina 2011&#8221; por United Health Care. Homenajeada en el Festival Int. de Poes\u00eda &#8220;Grito de Mujer&#8221; 2012, por la Sociedad de Poetas y Escritores Hispanos AIPEH, y &#8220;Encuentros Literarios Internacionales Luz del Coraz\u00f3n&#8221; ELILUC. Ganadora de un Acc\u00e9sit en el V Certamen de Poes\u00eda Mar\u00eda Pilar Escalera Mart\u00ednez, Internacional, en Teruel, Arag\u00f3n Espa\u00f1a. 2012. &#8220;La Sociedad de Poetas y Escritores&#8221; de Miami, le otorg\u00f3 el Segundo Lugar, en el Concurso de Narrativa &#8220;Ejercicio Literario 2012&#8221;- En D&#8217;har Services, Editorial Arte en Dise\u00f1o Global , recibi\u00f3 el Primer Premio\u00a0 Latinoamericano de &#8220;Cuento Corto&#8221;, 2014. Particip\u00f3 y colabor\u00f3 con el &#8220;Club de Literatura&#8221; en el libro de Priscila de la Cruz &#8220;Cerca muy Cerca&#8221;, Homenaje a los ni\u00f1os de Fundaci\u00f3n Magdalena, 2015. Su primera obra literaria &#8220;25 Encuentros con el Tiempo&#8221;, publicada en marzo del 2013, las tres antolog\u00edas del &#8220;Club de Literatura&#8221; y el libro &#8220;Cerca muy Cerca&#8221; se encuentran en: www.amazon.com y www.dharservices.com &nbsp; &nbsp; &nbsp; &nbsp; &nbsp; &nbsp; &nbsp; &nbsp; Particip\u00f3 en las antolog\u00edas:<\/p>\n","protected":false},"author":1,"featured_media":0,"parent":0,"menu_order":0,"comment_status":"closed","ping_status":"closed","template":"","meta":{"footnotes":""},"class_list":["post-2562","page","type-page","status-publish","hentry"],"_links":{"self":[{"href":"https:\/\/dharservices.com\/index.php?rest_route=\/wp\/v2\/pages\/2562","targetHints":{"allow":["GET"]}}],"collection":[{"href":"https:\/\/dharservices.com\/index.php?rest_route=\/wp\/v2\/pages"}],"about":[{"href":"https:\/\/dharservices.com\/index.php?rest_route=\/wp\/v2\/types\/page"}],"author":[{"embeddable":true,"href":"https:\/\/dharservices.com\/index.php?rest_route=\/wp\/v2\/users\/1"}],"replies":[{"embeddable":true,"href":"https:\/\/dharservices.com\/index.php?rest_route=%2Fwp%2Fv2%2Fcomments&post=2562"}],"version-history":[{"count":8,"href":"https:\/\/dharservices.com\/index.php?rest_route=\/wp\/v2\/pages\/2562\/revisions"}],"predecessor-version":[{"id":3870,"href":"https:\/\/dharservices.com\/index.php?rest_route=\/wp\/v2\/pages\/2562\/revisions\/3870"}],"wp:attachment":[{"href":"https:\/\/dharservices.com\/index.php?rest_route=%2Fwp%2Fv2%2Fmedia&parent=2562"}],"curies":[{"name":"wp","href":"https:\/\/api.w.org\/{rel}","templated":true}]}}