{"id":2847,"date":"2016-01-16T16:04:32","date_gmt":"2016-01-17T00:04:32","guid":{"rendered":"http:\/\/dharservices.com\/?page_id=2847"},"modified":"2016-02-26T11:34:21","modified_gmt":"2016-02-26T19:34:21","slug":"carlos-guigou","status":"publish","type":"page","link":"https:\/\/dharservices.com\/?page_id=2847","title":{"rendered":"Guigou, Carlos"},"content":{"rendered":"<p><img loading=\"lazy\" decoding=\"async\" class=\"alignleft size-medium wp-image-2848\" src=\"http:\/\/dharservices.com\/wp-content\/uploads\/2016\/01\/Carlos-guigou-fotografia-270x300.jpg\" alt=\"Carlos guigou fotografia\" width=\"270\" height=\"300\" srcset=\"https:\/\/dharservices.com\/wp-content\/uploads\/2016\/01\/Carlos-guigou-fotografia-270x300.jpg 270w, https:\/\/dharservices.com\/wp-content\/uploads\/2016\/01\/Carlos-guigou-fotografia-135x150.jpg 135w, https:\/\/dharservices.com\/wp-content\/uploads\/2016\/01\/Carlos-guigou-fotografia.jpg 482w\" sizes=\"auto, (max-width: 270px) 100vw, 270px\" \/>Carlos Guigou Fern\u00e1ndez, Ingeniero Hidr\u00e1ulico especialista en Distribuci\u00f3n, Almacenamiento y Transporte de productos derivados del petr\u00f3leo. Durante la tiran\u00eda de Batista en Cuba, se destac\u00f3 como opositor al R\u00e9gimen: denunciando diariamente el abuso y arbitrariedades que el gobierno comet\u00eda contra su pueblo. Fue uno de los dirigentes de la Huelga del 5 de Agosto de 1957. Bajo las \u00f3rdenes del Coronel Ventura Novo fue preso y torturado por sus esbirros\u2026 por preparar la Huelga del 9 de Abril de 1958, sufri\u00f3 exilio en Ecuador hasta la ca\u00edda de Batista.<\/p>\n<p>Despu\u00e9s del triunfo de la Revoluci\u00f3n continu\u00f3 en el movimiento obrero, y fue dirigente de la Federaci\u00f3n de la Qu\u00edmica Industrial. En 1961 al darse cuenta que la Democracia Sindical no ser\u00eda restituida, acept\u00f3 el nombramiento de Director de Personal en el Ministerio de Transporte, lugar donde ostent\u00f3 diferentes cargos de direcci\u00f3n, incluyendo el de Director de Cubana de Aviaci\u00f3n.\u00a0En octubre del a\u00f1o 2000 se radic\u00f3 definitivamente en los Estados Unidos en uni\u00f3n de su esposa, sus hijos y nietos.\u00a0Carlos Guigou trabaj\u00f3 como Mortgage Broker en la Florida hasta el 2009 a\u00f1o en que sucedi\u00f3 el desplome del mercado del Real Estate. Con orgullo desde su llegada a los Estados Unidos forma parte del exilio cubano.<\/p>\n<p>Obtenlo en: www.amazon.com<\/p>\n<p><img loading=\"lazy\" decoding=\"async\" class=\"alignleft size-medium wp-image-3774\" src=\"https:\/\/dharservices.com\/wp-content\/uploads\/2016\/01\/dhar-book-web-la-cuba-que-destruyo-copy-208x300.jpg\" alt=\"dhar book web la cuba que destruyo copy\" width=\"208\" height=\"300\" srcset=\"https:\/\/dharservices.com\/wp-content\/uploads\/2016\/01\/dhar-book-web-la-cuba-que-destruyo-copy-208x300.jpg 208w, https:\/\/dharservices.com\/wp-content\/uploads\/2016\/01\/dhar-book-web-la-cuba-que-destruyo-copy-104x150.jpg 104w, https:\/\/dharservices.com\/wp-content\/uploads\/2016\/01\/dhar-book-web-la-cuba-que-destruyo-copy-768x1108.jpg 768w, https:\/\/dharservices.com\/wp-content\/uploads\/2016\/01\/dhar-book-web-la-cuba-que-destruyo-copy-710x1024.jpg 710w\" sizes=\"auto, (max-width: 208px) 100vw, 208px\" \/><\/p>\n","protected":false},"excerpt":{"rendered":"<p>Carlos Guigou Fern\u00e1ndez, Ingeniero Hidr\u00e1ulico especialista en Distribuci\u00f3n, Almacenamiento y Transporte de productos derivados del petr\u00f3leo. Durante la tiran\u00eda de Batista en Cuba, se destac\u00f3 como opositor al R\u00e9gimen: denunciando diariamente el abuso y arbitrariedades que el gobierno comet\u00eda contra su pueblo. Fue uno de los dirigentes de la Huelga del 5 de Agosto de 1957. Bajo las \u00f3rdenes del Coronel Ventura Novo fue preso y torturado por sus esbirros\u2026 por preparar la Huelga del 9 de Abril de 1958, sufri\u00f3 exilio en Ecuador hasta la ca\u00edda de Batista. Despu\u00e9s del triunfo de la Revoluci\u00f3n continu\u00f3 en el movimiento obrero, y fue dirigente de la Federaci\u00f3n de la Qu\u00edmica Industrial. En 1961 al darse cuenta que la Democracia Sindical no ser\u00eda restituida, acept\u00f3 el nombramiento de Director de Personal en el Ministerio de Transporte, lugar donde ostent\u00f3 diferentes cargos de direcci\u00f3n, incluyendo el de Director de Cubana de Aviaci\u00f3n.\u00a0En octubre del a\u00f1o 2000 se radic\u00f3 definitivamente en los Estados Unidos en uni\u00f3n de su esposa, sus hijos y nietos.\u00a0Carlos Guigou trabaj\u00f3 como Mortgage Broker en la Florida hasta el 2009 a\u00f1o en que sucedi\u00f3 el desplome del mercado del Real Estate. Con orgullo desde su llegada a los Estados Unidos forma parte del exilio cubano. Obtenlo en: www.amazon.com<\/p>\n","protected":false},"author":1,"featured_media":0,"parent":0,"menu_order":0,"comment_status":"closed","ping_status":"closed","template":"","meta":{"footnotes":""},"class_list":["post-2847","page","type-page","status-publish","hentry"],"_links":{"self":[{"href":"https:\/\/dharservices.com\/index.php?rest_route=\/wp\/v2\/pages\/2847","targetHints":{"allow":["GET"]}}],"collection":[{"href":"https:\/\/dharservices.com\/index.php?rest_route=\/wp\/v2\/pages"}],"about":[{"href":"https:\/\/dharservices.com\/index.php?rest_route=\/wp\/v2\/types\/page"}],"author":[{"embeddable":true,"href":"https:\/\/dharservices.com\/index.php?rest_route=\/wp\/v2\/users\/1"}],"replies":[{"embeddable":true,"href":"https:\/\/dharservices.com\/index.php?rest_route=%2Fwp%2Fv2%2Fcomments&post=2847"}],"version-history":[{"count":6,"href":"https:\/\/dharservices.com\/index.php?rest_route=\/wp\/v2\/pages\/2847\/revisions"}],"predecessor-version":[{"id":3863,"href":"https:\/\/dharservices.com\/index.php?rest_route=\/wp\/v2\/pages\/2847\/revisions\/3863"}],"wp:attachment":[{"href":"https:\/\/dharservices.com\/index.php?rest_route=%2Fwp%2Fv2%2Fmedia&parent=2847"}],"curies":[{"name":"wp","href":"https:\/\/api.w.org\/{rel}","templated":true}]}}