{"id":2873,"date":"2016-01-16T17:00:43","date_gmt":"2016-01-17T01:00:43","guid":{"rendered":"http:\/\/dharservices.com\/?page_id=2873"},"modified":"2016-02-26T11:50:00","modified_gmt":"2016-02-26T19:50:00","slug":"luz-marina-echevarria","status":"publish","type":"page","link":"https:\/\/dharservices.com\/?page_id=2873","title":{"rendered":"Echevarr\u00eda, Luz Marina"},"content":{"rendered":"<p><img loading=\"lazy\" decoding=\"async\" class=\"alignleft size-medium wp-image-2874\" src=\"http:\/\/dharservices.com\/wp-content\/uploads\/2016\/01\/foto-luz-marina-293x300.jpg\" alt=\"foto luz marina\" width=\"293\" height=\"300\" srcset=\"https:\/\/dharservices.com\/wp-content\/uploads\/2016\/01\/foto-luz-marina-293x300.jpg 293w, https:\/\/dharservices.com\/wp-content\/uploads\/2016\/01\/foto-luz-marina-146x150.jpg 146w, https:\/\/dharservices.com\/wp-content\/uploads\/2016\/01\/foto-luz-marina.jpg 585w\" sizes=\"auto, (max-width: 293px) 100vw, 293px\" \/>Naci\u00f3 en Medell\u00edn, Colombia. Estudio Administraci\u00f3n de Empresas y emigr\u00f3 a los Estados Unidos, d\u00f3nde reside desde hace 31 a\u00f1os.<\/p>\n<p>El amor por\u00a0 la Literatura y la Historia, la\u00a0 ha\u00a0 llevado\u00a0 a escribir\u00a0 cuentos\u00a0 infantiles ecol\u00f3gicos,\u00a0 y\u00a0 art\u00edculos para revistas y\u00a0 peri\u00f3dicos\u00a0 en\u00a0 los\u00a0 Estados\u00a0 Unidos.<\/p>\n<p>Una de las cosas que ama es la motivaci\u00f3n y el desarrollo humano.\u00a0 Por lo cual escribi\u00f3 <strong>\u201cDe polo a polo\u00a0 en\u00a0 busca\u00a0 del\u00a0 equilibrio\u201d<\/strong>\u00a0 para ayudar a los dem\u00e1s a encontrar soluciones\u00a0 a sus conflictos ; se ha dedicado a ayudar a trav\u00e9s de la Fundaci\u00f3n\u00a0 para la Paz del Mundo de\u00a0 la\u00a0 cual\u00a0 es\u00a0 fundadora\u00a0\u00a0 y\u00a0 presidenta.<\/p>\n<p>Ha\u00a0 escrito varios\u00a0\u00a0 libros\u00a0 sobre\u00a0 la\u00a0 violencia familiar llamados: \u201c<strong>La violencia dom\u00e9stica y el estr\u00e9s\u201d, \u201cComo Criar hijos felices\u201d <\/strong>y<strong> \u201cJuntos podemos\u201d<\/strong>\u00a0 buscando\u00a0 que\u00a0 la\u00a0 ni\u00f1ez\u00a0 se\u00a0 desarrolle\u00a0 dentro de los limites de una cultura de paz.<\/p>\n<p>Motivada por el amor a su madre, se dedico a cuidarla cuando fue diagnosticada con Alzheimer, cuyos efectos y vivencias describe en su libro llamado <strong>\u201cEst\u00e1s aqu\u00ed pero ausente\u201d. <\/strong>Saldr\u00e1 pr\u00f3ximamente en Amazon. Est\u00e1 basado en sus vivencias familiares compartidas junto a su querida madre, cuya vida cambiaba a medida que la enfermedad hac\u00eda estragos en su salud.<\/p>\n<p>Luz Marina, lo\u00a0 escribi\u00f3\u00a0\u00a0 con\u00a0\u00a0 el\u00a0\u00a0 fin\u00a0\u00a0 de\u00a0\u00a0 crear conciencia\u00a0 sobre\u00a0 esta\u00a0 enfermedad\u00a0\u00a0 y\u00a0 para ayudar\u00a0 a\u00a0 las\u00a0 v\u00edctimas\u00a0 de\u00a0 este padecimiento, y a sus cuidadores y familiares cercanos.<\/p>\n<p>En\u00a0 la\u00a0 actualidad,\u00a0 Luz\u00a0 Marina\u00a0 Echavarr\u00eda, est\u00e1\u00a0 elaborando un\u00a0 documental\u00a0 llamado <strong>\u201cEl velo del<\/strong><strong> templo\u201d<\/strong>, acerca\u00a0 de un complot que existi\u00f3 en \u00a0la\u00a0 muerte\u00a0 de Jesucristo, <strong>\u00a0<\/strong>relacionado con\u00a0 el\u00a0\u00a0 Templo\u00a0 de\u00a0 Jerusal\u00e9n. Actividad\u00a0 que\u00a0 combina\u00a0 con\u00a0 sus\u00a0 estudios\u00a0 de teolog\u00eda\u00a0 y\u00a0 su contin\u00faa participaci\u00f3n\u00a0 con\u00a0 las dos fundaciones sin \u00e1nimo de lucro que ha creado.<\/p>\n<p>Obtenlos en: www.amazon.com<\/p>\n<p><img loading=\"lazy\" decoding=\"async\" class=\"alignleft size-medium wp-image-3542\" src=\"http:\/\/dharservices.com\/wp-content\/uploads\/2016\/01\/dhar-book-web-You-are-here-but-absent-recommmendations-225x300.jpg\" alt=\"dhar book web You are here but absent recommmendations\" width=\"225\" height=\"300\" srcset=\"https:\/\/dharservices.com\/wp-content\/uploads\/2016\/01\/dhar-book-web-You-are-here-but-absent-recommmendations-225x300.jpg 225w, https:\/\/dharservices.com\/wp-content\/uploads\/2016\/01\/dhar-book-web-You-are-here-but-absent-recommmendations-113x150.jpg 113w, https:\/\/dharservices.com\/wp-content\/uploads\/2016\/01\/dhar-book-web-You-are-here-but-absent-recommmendations-768x1024.jpg 768w\" sizes=\"auto, (max-width: 225px) 100vw, 225px\" \/><img loading=\"lazy\" decoding=\"async\" class=\"alignleft size-medium wp-image-1808\" src=\"http:\/\/dharservices.com\/wp-content\/uploads\/2013\/08\/DE-POLO-A-POLO-FINAL-gina-sin-linea-blanca-copy-194x300.jpg\" alt=\"DE POLO A POLO FINAL gina sin linea blanca copy\" width=\"194\" height=\"300\" srcset=\"https:\/\/dharservices.com\/wp-content\/uploads\/2013\/08\/DE-POLO-A-POLO-FINAL-gina-sin-linea-blanca-copy-194x300.jpg 194w, https:\/\/dharservices.com\/wp-content\/uploads\/2013\/08\/DE-POLO-A-POLO-FINAL-gina-sin-linea-blanca-copy.jpg 391w\" sizes=\"auto, (max-width: 194px) 100vw, 194px\" \/><\/p>\n","protected":false},"excerpt":{"rendered":"<p>Naci\u00f3 en Medell\u00edn, Colombia. Estudio Administraci\u00f3n de Empresas y emigr\u00f3 a los Estados Unidos, d\u00f3nde reside desde hace 31 a\u00f1os. El amor por\u00a0 la Literatura y la Historia, la\u00a0 ha\u00a0 llevado\u00a0 a escribir\u00a0 cuentos\u00a0 infantiles ecol\u00f3gicos,\u00a0 y\u00a0 art\u00edculos para revistas y\u00a0 peri\u00f3dicos\u00a0 en\u00a0 los\u00a0 Estados\u00a0 Unidos. Una de las cosas que ama es la motivaci\u00f3n y el desarrollo humano.\u00a0 Por lo cual escribi\u00f3 \u201cDe polo a polo\u00a0 en\u00a0 busca\u00a0 del\u00a0 equilibrio\u201d\u00a0 para ayudar a los dem\u00e1s a encontrar soluciones\u00a0 a sus conflictos ; se ha dedicado a ayudar a trav\u00e9s de la Fundaci\u00f3n\u00a0 para la Paz del Mundo de\u00a0 la\u00a0 cual\u00a0 es\u00a0 fundadora\u00a0\u00a0 y\u00a0 presidenta. Ha\u00a0 escrito varios\u00a0\u00a0 libros\u00a0 sobre\u00a0 la\u00a0 violencia familiar llamados: \u201cLa violencia dom\u00e9stica y el estr\u00e9s\u201d, \u201cComo Criar hijos felices\u201d y \u201cJuntos podemos\u201d\u00a0 buscando\u00a0 que\u00a0 la\u00a0 ni\u00f1ez\u00a0 se\u00a0 desarrolle\u00a0 dentro de los limites de una cultura de paz. Motivada por el amor a su madre, se dedico a cuidarla cuando fue diagnosticada con Alzheimer, cuyos efectos y vivencias describe en su libro llamado \u201cEst\u00e1s aqu\u00ed pero ausente\u201d. Saldr\u00e1 pr\u00f3ximamente en Amazon. Est\u00e1 basado en sus vivencias familiares compartidas junto a su querida madre, cuya vida cambiaba a medida que la enfermedad hac\u00eda estragos en su salud. Luz Marina, lo\u00a0 escribi\u00f3\u00a0\u00a0 con\u00a0\u00a0 el\u00a0\u00a0 fin\u00a0\u00a0 de\u00a0\u00a0 crear conciencia\u00a0 sobre\u00a0 esta\u00a0 enfermedad\u00a0\u00a0 y\u00a0 para ayudar\u00a0 a\u00a0 las\u00a0 v\u00edctimas\u00a0 de\u00a0 este padecimiento, y a sus cuidadores y familiares cercanos. En\u00a0 la\u00a0 actualidad,\u00a0 Luz\u00a0 Marina\u00a0 Echavarr\u00eda, est\u00e1\u00a0 elaborando un\u00a0 documental\u00a0 llamado \u201cEl velo del templo\u201d, acerca\u00a0 de un complot que existi\u00f3 en \u00a0la\u00a0 muerte\u00a0 de Jesucristo, \u00a0relacionado con\u00a0 el\u00a0\u00a0 Templo\u00a0 de\u00a0 Jerusal\u00e9n. Actividad\u00a0 que\u00a0 combina\u00a0 con\u00a0 sus\u00a0 estudios\u00a0 de teolog\u00eda\u00a0 y\u00a0 su contin\u00faa participaci\u00f3n\u00a0 con\u00a0 las dos fundaciones sin \u00e1nimo de lucro que ha creado. Obtenlos en: www.amazon.com<\/p>\n","protected":false},"author":1,"featured_media":0,"parent":0,"menu_order":0,"comment_status":"closed","ping_status":"closed","template":"","meta":{"footnotes":""},"class_list":["post-2873","page","type-page","status-publish","hentry"],"_links":{"self":[{"href":"https:\/\/dharservices.com\/index.php?rest_route=\/wp\/v2\/pages\/2873","targetHints":{"allow":["GET"]}}],"collection":[{"href":"https:\/\/dharservices.com\/index.php?rest_route=\/wp\/v2\/pages"}],"about":[{"href":"https:\/\/dharservices.com\/index.php?rest_route=\/wp\/v2\/types\/page"}],"author":[{"embeddable":true,"href":"https:\/\/dharservices.com\/index.php?rest_route=\/wp\/v2\/users\/1"}],"replies":[{"embeddable":true,"href":"https:\/\/dharservices.com\/index.php?rest_route=%2Fwp%2Fv2%2Fcomments&post=2873"}],"version-history":[{"count":5,"href":"https:\/\/dharservices.com\/index.php?rest_route=\/wp\/v2\/pages\/2873\/revisions"}],"predecessor-version":[{"id":3888,"href":"https:\/\/dharservices.com\/index.php?rest_route=\/wp\/v2\/pages\/2873\/revisions\/3888"}],"wp:attachment":[{"href":"https:\/\/dharservices.com\/index.php?rest_route=%2Fwp%2Fv2%2Fmedia&parent=2873"}],"curies":[{"name":"wp","href":"https:\/\/api.w.org\/{rel}","templated":true}]}}

Echevarría, Luz Marina

<p><img loading="lazy" decoding="async" class="alignleft size-medium wp-image-2874" src="http://dharservices.com/wp-content/uploads/2016/01/foto-luz-marina-293x300.jpg" alt="foto luz marina" width="293" height="300" srcset="https://dharservices.com/wp-content/uploads/2016/01/foto-luz-marina-293x300.jpg 293w, https://dharservices.com/wp-content/uploads/2016/01/foto-luz-marina-146x150.jpg 146w, https://dharservices.com/wp-content/uploads/2016/01/foto-luz-marina.jpg 585w" sizes="auto, (max-width: 293px) 100vw, 293px" />Nació en Medellín, Colombia. Estudio Administración de Empresas y emigró a los Estados Unidos, dónde reside desde hace 31 años.</p>
<p>El amor por  la Literatura y la Historia, la  ha  llevado  a escribir  cuentos  infantiles ecológicos,  y  artículos para revistas y  periódicos  en  los  Estados  Unidos.</p>
<p>Una de las cosas que ama es la motivación y el desarrollo humano.  Por lo cual escribió <strong>“De polo a polo  en  busca  del  equilibrio”</strong>  para ayudar a los demás a encontrar soluciones  a sus conflictos ; se ha dedicado a ayudar a través de la Fundación  para la Paz del Mundo de  la  cual  es  fundadora   y  presidenta.</p>
<p>Ha  escrito varios   libros  sobre  la  violencia familiar llamados: “<strong>La violencia doméstica y el estrés”, “Como Criar hijos felices” </strong>y<strong> “Juntos podemos”</strong>  buscando  que  la  niñez  se  desarrolle  dentro de los limites de una cultura de paz.</p>
<p>Motivada por el amor a su madre, se dedico a cuidarla cuando fue diagnosticada con Alzheimer, cuyos efectos y vivencias describe en su libro llamado <strong>“Estás aquí pero ausente”. </strong>Saldrá próximamente en Amazon. Está basado en sus vivencias familiares compartidas junto a su querida madre, cuya vida cambiaba a medida que la enfermedad hacía estragos en su salud.</p>
<p>Luz Marina, lo  escribió   con   el   fin   de   crear conciencia  sobre  esta  enfermedad   y  para ayudar  a  las  víctimas  de  este padecimiento, y a sus cuidadores y familiares cercanos.</p>
<p>En  la  actualidad,  Luz  Marina  Echavarría, está  elaborando un  documental  llamado <strong>“El velo del</strong><strong> templo”</strong>, acerca  de un complot que existió en  la  muerte  de Jesucristo, <strong> </strong>relacionado con  el   Templo  de  Jerusalén. Actividad  que  combina  con  sus  estudios  de teología  y  su continúa participación  con  las dos fundaciones sin ánimo de lucro que ha creado.</p>
<p>Obtenlos en: www.amazon.com</p>
<p><img loading="lazy" decoding="async" class="alignleft size-medium wp-image-3542" src="http://dharservices.com/wp-content/uploads/2016/01/dhar-book-web-You-are-here-but-absent-recommmendations-225x300.jpg" alt="dhar book web You are here but absent recommmendations" width="225" height="300" srcset="https://dharservices.com/wp-content/uploads/2016/01/dhar-book-web-You-are-here-but-absent-recommmendations-225x300.jpg 225w, https://dharservices.com/wp-content/uploads/2016/01/dhar-book-web-You-are-here-but-absent-recommmendations-113x150.jpg 113w, https://dharservices.com/wp-content/uploads/2016/01/dhar-book-web-You-are-here-but-absent-recommmendations-768x1024.jpg 768w" sizes="auto, (max-width: 225px) 100vw, 225px" /><img loading="lazy" decoding="async" class="alignleft size-medium wp-image-1808" src="http://dharservices.com/wp-content/uploads/2013/08/DE-POLO-A-POLO-FINAL-gina-sin-linea-blanca-copy-194x300.jpg" alt="DE POLO A POLO FINAL gina sin linea blanca copy" width="194" height="300" srcset="https://dharservices.com/wp-content/uploads/2013/08/DE-POLO-A-POLO-FINAL-gina-sin-linea-blanca-copy-194x300.jpg 194w, https://dharservices.com/wp-content/uploads/2013/08/DE-POLO-A-POLO-FINAL-gina-sin-linea-blanca-copy.jpg 391w" sizes="auto, (max-width: 194px) 100vw, 194px" /></p>

<p>Nació en Medellín, Colombia. Estudio Administración de Empresas y emigró a los Estados Unidos, dónde reside desde hace 31 años. El amor por  la Literatura y la Historia, la  ha  llevado  a escribir  cuentos  infantiles ecológicos,  y  artículos para revistas y  periódicos  en  los  Estados  Unidos. Una de las cosas que ama es la motivación y el desarrollo humano.  Por lo cual escribió “De polo a polo  en  busca  del  equilibrio”  para ayudar a los demás a encontrar soluciones  a sus conflictos ; se ha dedicado a ayudar a través de la Fundación  para la Paz del Mundo de  la  cual  es  fundadora   y  presidenta. Ha  escrito varios   libros  sobre  la  violencia familiar llamados: “La violencia doméstica y el estrés”, “Como Criar hijos felices” y “Juntos podemos”  buscando  que  la  niñez  se  desarrolle  dentro de los limites de una cultura de paz. Motivada por el amor a su madre, se dedico a cuidarla cuando fue diagnosticada con Alzheimer, cuyos efectos y vivencias describe en su libro llamado “Estás aquí pero ausente”. Saldrá próximamente en Amazon. Está basado en sus vivencias familiares compartidas junto a su querida madre, cuya vida cambiaba a medida que la enfermedad hacía estragos en su salud. Luz Marina, lo  escribió   con   el   fin   de   crear conciencia  sobre  esta  enfermedad   y  para ayudar  a  las  víctimas  de  este padecimiento, y a sus cuidadores y familiares cercanos. En  la  actualidad,  Luz  Marina  Echavarría, está  elaborando un  documental  llamado “El velo del templo”, acerca  de un complot que existió en  la  muerte  de Jesucristo,  relacionado con  el   Templo  de  Jerusalén. Actividad  que  combina  con  sus  estudios  de teología  y  su continúa participación  con  las dos fundaciones sin ánimo de lucro que ha creado. Obtenlos en: www.amazon.com</p>
