{"id":2901,"date":"2016-01-16T17:33:10","date_gmt":"2016-01-17T01:33:10","guid":{"rendered":"http:\/\/dharservices.com\/?page_id=2901"},"modified":"2018-01-25T21:20:01","modified_gmt":"2018-01-26T05:20:01","slug":"prisca-silvia-arcia","status":"publish","type":"page","link":"https:\/\/dharservices.com\/?page_id=2901","title":{"rendered":"Arcia, Prisca Silvia"},"content":{"rendered":"<p><img loading=\"lazy\" decoding=\"async\" class=\"alignleft size-medium wp-image-4156\" src=\"https:\/\/dharservices.com\/wp-content\/uploads\/2018\/01\/Cover-Ea-prisca-copy-193x300.jpg\" alt=\"\" width=\"193\" height=\"300\" srcset=\"https:\/\/dharservices.com\/wp-content\/uploads\/2018\/01\/Cover-Ea-prisca-copy-193x300.jpg 193w, https:\/\/dharservices.com\/wp-content\/uploads\/2018\/01\/Cover-Ea-prisca-copy-96x150.jpg 96w, https:\/\/dharservices.com\/wp-content\/uploads\/2018\/01\/Cover-Ea-prisca-copy-768x1196.jpg 768w, https:\/\/dharservices.com\/wp-content\/uploads\/2018\/01\/Cover-Ea-prisca-copy-658x1024.jpg 658w, https:\/\/dharservices.com\/wp-content\/uploads\/2018\/01\/Cover-Ea-prisca-copy.jpg 1651w\" sizes=\"auto, (max-width: 193px) 100vw, 193px\" \/><img loading=\"lazy\" decoding=\"async\" class=\"alignleft size-medium wp-image-2902\" src=\"http:\/\/dharservices.com\/wp-content\/uploads\/2016\/01\/Prisca-fotografia-286x300.jpg\" alt=\"Prisca fotografia\" width=\"286\" height=\"300\" srcset=\"https:\/\/dharservices.com\/wp-content\/uploads\/2016\/01\/Prisca-fotografia-286x300.jpg 286w, https:\/\/dharservices.com\/wp-content\/uploads\/2016\/01\/Prisca-fotografia-143x150.jpg 143w, https:\/\/dharservices.com\/wp-content\/uploads\/2016\/01\/Prisca-fotografia.jpg 389w\" sizes=\"auto, (max-width: 286px) 100vw, 286px\" \/>\u00a0Naci\u00f3 en La Habana Cuba, residiendo en Surgidero de Bataban\u00f3 hasta los diez a\u00f1os. Luego la familia se traslad\u00f3 a la capital de la isla, donde hizo estudios Secundarios y dos a\u00f1os de Teatro la Escuela Nacional de Artes. M\u00e1s tarde se gradu\u00f3 en la escuela de Enfermer\u00eda Pedi\u00e1trica. Actualmente vive en Miami, retirada. Como miembro del Club de Literatura de Francisca Arguelles ha presentado sus trabajos en diferentes concursos, y participa en las publicaciones del Peri\u00f3dico \u00a0&#8220;Los Tiempos&#8221;. Su primer poema publicado fue &#8220;Metamorf\u00f3sis&#8221;. Su lema es: &#8220;El que Persevera, Triunfa&#8221;.<\/p>\n<p>&nbsp;<\/p>\n<p><img loading=\"lazy\" decoding=\"async\" class=\"alignleft size-medium wp-image-2651\" src=\"http:\/\/dharservices.com\/wp-content\/uploads\/2015\/09\/web-COLORIN-COLORADO-250x300.jpg\" alt=\"web - COLORIN COLORADO\" width=\"250\" height=\"300\" srcset=\"https:\/\/dharservices.com\/wp-content\/uploads\/2015\/09\/web-COLORIN-COLORADO-250x300.jpg 250w, https:\/\/dharservices.com\/wp-content\/uploads\/2015\/09\/web-COLORIN-COLORADO-125x150.jpg 125w, https:\/\/dharservices.com\/wp-content\/uploads\/2015\/09\/web-COLORIN-COLORADO-854x1024.jpg 854w\" sizes=\"auto, (max-width: 250px) 100vw, 250px\" \/><br \/>\n<img loading=\"lazy\" decoding=\"async\" class=\"alignleft size-medium wp-image-3379\" src=\"http:\/\/dharservices.com\/wp-content\/uploads\/2016\/01\/dhar-book-web-Cuba-la-isla-del-silencio-208x300.jpg\" alt=\"dhar book web Cuba la isla del silencio\" width=\"208\" height=\"300\" srcset=\"https:\/\/dharservices.com\/wp-content\/uploads\/2016\/01\/dhar-book-web-Cuba-la-isla-del-silencio-208x300.jpg 208w, https:\/\/dharservices.com\/wp-content\/uploads\/2016\/01\/dhar-book-web-Cuba-la-isla-del-silencio-104x150.jpg 104w, https:\/\/dharservices.com\/wp-content\/uploads\/2016\/01\/dhar-book-web-Cuba-la-isla-del-silencio-768x1108.jpg 768w, https:\/\/dharservices.com\/wp-content\/uploads\/2016\/01\/dhar-book-web-Cuba-la-isla-del-silencio-710x1024.jpg 710w\" sizes=\"auto, (max-width: 208px) 100vw, 208px\" \/><\/p>\n<p>&nbsp;<\/p>\n<p>&nbsp;<\/p>\n<p>&nbsp;<\/p>\n<p>&nbsp;<\/p>\n<p>&nbsp;<\/p>\n<p>&nbsp;<\/p>\n<p>&nbsp;<\/p>\n<p>Obtenlos en: www.amazon.com<\/p>\n<p>Particip\u00f3 en la antolog\u00eda:<\/p>\n<p><img loading=\"lazy\" decoding=\"async\" class=\"alignleft size-medium wp-image-3396\" src=\"http:\/\/dharservices.com\/wp-content\/uploads\/2016\/01\/dhar-book-web-el-espacio-infinito-del-cuento-208x300.jpg\" alt=\"dhar book web el espacio infinito del cuento\" width=\"208\" height=\"300\" srcset=\"https:\/\/dharservices.com\/wp-content\/uploads\/2016\/01\/dhar-book-web-el-espacio-infinito-del-cuento-208x300.jpg 208w, https:\/\/dharservices.com\/wp-content\/uploads\/2016\/01\/dhar-book-web-el-espacio-infinito-del-cuento-104x150.jpg 104w, https:\/\/dharservices.com\/wp-content\/uploads\/2016\/01\/dhar-book-web-el-espacio-infinito-del-cuento-768x1108.jpg 768w, https:\/\/dharservices.com\/wp-content\/uploads\/2016\/01\/dhar-book-web-el-espacio-infinito-del-cuento-710x1024.jpg 710w\" sizes=\"auto, (max-width: 208px) 100vw, 208px\" \/><\/p>\n","protected":false},"excerpt":{"rendered":"<p>\u00a0Naci\u00f3 en La Habana Cuba, residiendo en Surgidero de Bataban\u00f3 hasta los diez a\u00f1os. Luego la familia se traslad\u00f3 a la capital de la isla, donde hizo estudios Secundarios y dos a\u00f1os de Teatro la Escuela Nacional de Artes. M\u00e1s tarde se gradu\u00f3 en la escuela de Enfermer\u00eda Pedi\u00e1trica. Actualmente vive en Miami, retirada. Como miembro del Club de Literatura de Francisca Arguelles ha presentado sus trabajos en diferentes concursos, y participa en las publicaciones del Peri\u00f3dico \u00a0&#8220;Los Tiempos&#8221;. Su primer poema publicado fue &#8220;Metamorf\u00f3sis&#8221;. Su lema es: &#8220;El que Persevera, Triunfa&#8221;. &nbsp; &nbsp; &nbsp; &nbsp; &nbsp; &nbsp; &nbsp; &nbsp; Obtenlos en: www.amazon.com Particip\u00f3 en la antolog\u00eda:<\/p>\n","protected":false},"author":1,"featured_media":0,"parent":0,"menu_order":0,"comment_status":"closed","ping_status":"closed","template":"","meta":{"footnotes":""},"class_list":["post-2901","page","type-page","status-publish","hentry"],"_links":{"self":[{"href":"https:\/\/dharservices.com\/index.php?rest_route=\/wp\/v2\/pages\/2901","targetHints":{"allow":["GET"]}}],"collection":[{"href":"https:\/\/dharservices.com\/index.php?rest_route=\/wp\/v2\/pages"}],"about":[{"href":"https:\/\/dharservices.com\/index.php?rest_route=\/wp\/v2\/types\/page"}],"author":[{"embeddable":true,"href":"https:\/\/dharservices.com\/index.php?rest_route=\/wp\/v2\/users\/1"}],"replies":[{"embeddable":true,"href":"https:\/\/dharservices.com\/index.php?rest_route=%2Fwp%2Fv2%2Fcomments&post=2901"}],"version-history":[{"count":7,"href":"https:\/\/dharservices.com\/index.php?rest_route=\/wp\/v2\/pages\/2901\/revisions"}],"predecessor-version":[{"id":4157,"href":"https:\/\/dharservices.com\/index.php?rest_route=\/wp\/v2\/pages\/2901\/revisions\/4157"}],"wp:attachment":[{"href":"https:\/\/dharservices.com\/index.php?rest_route=%2Fwp%2Fv2%2Fmedia&parent=2901"}],"curies":[{"name":"wp","href":"https:\/\/api.w.org\/{rel}","templated":true}]}}