{"id":2912,"date":"2016-01-16T18:01:30","date_gmt":"2016-01-17T02:01:30","guid":{"rendered":"http:\/\/dharservices.com\/?page_id=2912"},"modified":"2016-02-26T11:31:11","modified_gmt":"2016-02-26T19:31:11","slug":"alain-l-de-leon","status":"publish","type":"page","link":"https:\/\/dharservices.com\/?page_id=2912","title":{"rendered":"De Le\u00f3n, Alain L."},"content":{"rendered":"<p><img loading=\"lazy\" decoding=\"async\" class=\"alignleft size-medium wp-image-2913\" src=\"http:\/\/dharservices.com\/wp-content\/uploads\/2016\/01\/Alain-l-2-214x300.jpg\" alt=\"Alain l (2)\" width=\"214\" height=\"300\" srcset=\"https:\/\/dharservices.com\/wp-content\/uploads\/2016\/01\/Alain-l-2-214x300.jpg 214w, https:\/\/dharservices.com\/wp-content\/uploads\/2016\/01\/Alain-l-2-107x150.jpg 107w, https:\/\/dharservices.com\/wp-content\/uploads\/2016\/01\/Alain-l-2-768x1075.jpg 768w, https:\/\/dharservices.com\/wp-content\/uploads\/2016\/01\/Alain-l-2-732x1024.jpg 732w, https:\/\/dharservices.com\/wp-content\/uploads\/2016\/01\/Alain-l-2.jpg 1464w\" sizes=\"auto, (max-width: 214px) 100vw, 214px\" \/>Naci\u00f3 en San Antonio de Cabezas, Matanzas, 1975 es autodidacta; hasta ahora su obra estaba in\u00e9dita. Tiene varios libros de poes\u00eda y cuentos, los cuales est\u00e1n en proceso de su publicaci\u00f3n. Asiste al Club de Literatura que dirige \u201cFrancisca Arg\u00fcelles\u201d. Reside en Miami desde 1999.<\/p>\n<p>&nbsp;<\/p>\n<p>Particip\u00f3 en la antolog\u00edas:<\/p>\n<p>&nbsp;<\/p>\n<p><img loading=\"lazy\" decoding=\"async\" class=\"alignleft size-medium wp-image-3430\" src=\"http:\/\/dharservices.com\/wp-content\/uploads\/2016\/01\/web-CERCA-MUY-CERCA-250x300.jpg\" alt=\"web - CERCA MUY CERCA\" width=\"250\" height=\"300\" srcset=\"https:\/\/dharservices.com\/wp-content\/uploads\/2016\/01\/web-CERCA-MUY-CERCA-250x300.jpg 250w, https:\/\/dharservices.com\/wp-content\/uploads\/2016\/01\/web-CERCA-MUY-CERCA-125x150.jpg 125w, https:\/\/dharservices.com\/wp-content\/uploads\/2016\/01\/web-CERCA-MUY-CERCA-768x921.jpg 768w, https:\/\/dharservices.com\/wp-content\/uploads\/2016\/01\/web-CERCA-MUY-CERCA-854x1024.jpg 854w\" sizes=\"auto, (max-width: 250px) 100vw, 250px\" \/><br \/>\n<img loading=\"lazy\" decoding=\"async\" class=\"alignleft size-medium wp-image-3396\" src=\"http:\/\/dharservices.com\/wp-content\/uploads\/2016\/01\/dhar-book-web-el-espacio-infinito-del-cuento-208x300.jpg\" alt=\"dhar book web el espacio infinito del cuento\" width=\"208\" height=\"300\" srcset=\"https:\/\/dharservices.com\/wp-content\/uploads\/2016\/01\/dhar-book-web-el-espacio-infinito-del-cuento-208x300.jpg 208w, https:\/\/dharservices.com\/wp-content\/uploads\/2016\/01\/dhar-book-web-el-espacio-infinito-del-cuento-104x150.jpg 104w, https:\/\/dharservices.com\/wp-content\/uploads\/2016\/01\/dhar-book-web-el-espacio-infinito-del-cuento-768x1108.jpg 768w, https:\/\/dharservices.com\/wp-content\/uploads\/2016\/01\/dhar-book-web-el-espacio-infinito-del-cuento-710x1024.jpg 710w\" sizes=\"auto, (max-width: 208px) 100vw, 208px\" \/><\/p>\n<p><img loading=\"lazy\" decoding=\"async\" class=\"alignleft size-medium wp-image-3405\" src=\"http:\/\/dharservices.com\/wp-content\/uploads\/2016\/01\/dhar-book-web-Navegantes-de-palabras-208x300.jpg\" alt=\"dhar book web Navegantes de palabras\" width=\"208\" height=\"300\" srcset=\"https:\/\/dharservices.com\/wp-content\/uploads\/2016\/01\/dhar-book-web-Navegantes-de-palabras-208x300.jpg 208w, https:\/\/dharservices.com\/wp-content\/uploads\/2016\/01\/dhar-book-web-Navegantes-de-palabras-104x150.jpg 104w, https:\/\/dharservices.com\/wp-content\/uploads\/2016\/01\/dhar-book-web-Navegantes-de-palabras-768x1108.jpg 768w, https:\/\/dharservices.com\/wp-content\/uploads\/2016\/01\/dhar-book-web-Navegantes-de-palabras-710x1024.jpg 710w\" sizes=\"auto, (max-width: 208px) 100vw, 208px\" \/><\/p>\n","protected":false},"excerpt":{"rendered":"<p>Naci\u00f3 en San Antonio de Cabezas, Matanzas, 1975 es autodidacta; hasta ahora su obra estaba in\u00e9dita. Tiene varios libros de poes\u00eda y cuentos, los cuales est\u00e1n en proceso de su publicaci\u00f3n. Asiste al Club de Literatura que dirige \u201cFrancisca Arg\u00fcelles\u201d. Reside en Miami desde 1999. &nbsp; Particip\u00f3 en la antolog\u00edas: &nbsp;<\/p>\n","protected":false},"author":1,"featured_media":0,"parent":0,"menu_order":0,"comment_status":"closed","ping_status":"closed","template":"","meta":{"footnotes":""},"class_list":["post-2912","page","type-page","status-publish","hentry"],"_links":{"self":[{"href":"https:\/\/dharservices.com\/index.php?rest_route=\/wp\/v2\/pages\/2912","targetHints":{"allow":["GET"]}}],"collection":[{"href":"https:\/\/dharservices.com\/index.php?rest_route=\/wp\/v2\/pages"}],"about":[{"href":"https:\/\/dharservices.com\/index.php?rest_route=\/wp\/v2\/types\/page"}],"author":[{"embeddable":true,"href":"https:\/\/dharservices.com\/index.php?rest_route=\/wp\/v2\/users\/1"}],"replies":[{"embeddable":true,"href":"https:\/\/dharservices.com\/index.php?rest_route=%2Fwp%2Fv2%2Fcomments&post=2912"}],"version-history":[{"count":6,"href":"https:\/\/dharservices.com\/index.php?rest_route=\/wp\/v2\/pages\/2912\/revisions"}],"predecessor-version":[{"id":3856,"href":"https:\/\/dharservices.com\/index.php?rest_route=\/wp\/v2\/pages\/2912\/revisions\/3856"}],"wp:attachment":[{"href":"https:\/\/dharservices.com\/index.php?rest_route=%2Fwp%2Fv2%2Fmedia&parent=2912"}],"curies":[{"name":"wp","href":"https:\/\/api.w.org\/{rel}","templated":true}]}}

De León, Alain L.

<p><img loading="lazy" decoding="async" class="alignleft size-medium wp-image-2913" src="http://dharservices.com/wp-content/uploads/2016/01/Alain-l-2-214x300.jpg" alt="Alain l (2)" width="214" height="300" srcset="https://dharservices.com/wp-content/uploads/2016/01/Alain-l-2-214x300.jpg 214w, https://dharservices.com/wp-content/uploads/2016/01/Alain-l-2-107x150.jpg 107w, https://dharservices.com/wp-content/uploads/2016/01/Alain-l-2-768x1075.jpg 768w, https://dharservices.com/wp-content/uploads/2016/01/Alain-l-2-732x1024.jpg 732w, https://dharservices.com/wp-content/uploads/2016/01/Alain-l-2.jpg 1464w" sizes="auto, (max-width: 214px) 100vw, 214px" />Nació en San Antonio de Cabezas, Matanzas, 1975 es autodidacta; hasta ahora su obra estaba inédita. Tiene varios libros de poesía y cuentos, los cuales están en proceso de su publicación. Asiste al Club de Literatura que dirige “Francisca Argüelles”. Reside en Miami desde 1999.</p>
<p>&nbsp;</p>
<p>Participó en la antologías:</p>
<p>&nbsp;</p>
<p><img loading="lazy" decoding="async" class="alignleft size-medium wp-image-3430" src="http://dharservices.com/wp-content/uploads/2016/01/web-CERCA-MUY-CERCA-250x300.jpg" alt="web - CERCA MUY CERCA" width="250" height="300" srcset="https://dharservices.com/wp-content/uploads/2016/01/web-CERCA-MUY-CERCA-250x300.jpg 250w, https://dharservices.com/wp-content/uploads/2016/01/web-CERCA-MUY-CERCA-125x150.jpg 125w, https://dharservices.com/wp-content/uploads/2016/01/web-CERCA-MUY-CERCA-768x921.jpg 768w, https://dharservices.com/wp-content/uploads/2016/01/web-CERCA-MUY-CERCA-854x1024.jpg 854w" sizes="auto, (max-width: 250px) 100vw, 250px" /><br />
<img loading="lazy" decoding="async" class="alignleft size-medium wp-image-3396" src="http://dharservices.com/wp-content/uploads/2016/01/dhar-book-web-el-espacio-infinito-del-cuento-208x300.jpg" alt="dhar book web el espacio infinito del cuento" width="208" height="300" srcset="https://dharservices.com/wp-content/uploads/2016/01/dhar-book-web-el-espacio-infinito-del-cuento-208x300.jpg 208w, https://dharservices.com/wp-content/uploads/2016/01/dhar-book-web-el-espacio-infinito-del-cuento-104x150.jpg 104w, https://dharservices.com/wp-content/uploads/2016/01/dhar-book-web-el-espacio-infinito-del-cuento-768x1108.jpg 768w, https://dharservices.com/wp-content/uploads/2016/01/dhar-book-web-el-espacio-infinito-del-cuento-710x1024.jpg 710w" sizes="auto, (max-width: 208px) 100vw, 208px" /></p>
<p><img loading="lazy" decoding="async" class="alignleft size-medium wp-image-3405" src="http://dharservices.com/wp-content/uploads/2016/01/dhar-book-web-Navegantes-de-palabras-208x300.jpg" alt="dhar book web Navegantes de palabras" width="208" height="300" srcset="https://dharservices.com/wp-content/uploads/2016/01/dhar-book-web-Navegantes-de-palabras-208x300.jpg 208w, https://dharservices.com/wp-content/uploads/2016/01/dhar-book-web-Navegantes-de-palabras-104x150.jpg 104w, https://dharservices.com/wp-content/uploads/2016/01/dhar-book-web-Navegantes-de-palabras-768x1108.jpg 768w, https://dharservices.com/wp-content/uploads/2016/01/dhar-book-web-Navegantes-de-palabras-710x1024.jpg 710w" sizes="auto, (max-width: 208px) 100vw, 208px" /></p>

<p>Nació en San Antonio de Cabezas, Matanzas, 1975 es autodidacta; hasta ahora su obra estaba inédita. Tiene varios libros de poesía y cuentos, los cuales están en proceso de su publicación. Asiste al Club de Literatura que dirige “Francisca Argüelles”. Reside en Miami desde 1999. &nbsp; Participó en la antologías: &nbsp;</p>
