{"id":2926,"date":"2016-01-16T18:26:35","date_gmt":"2016-01-17T02:26:35","guid":{"rendered":"http:\/\/dharservices.com\/?page_id=2926"},"modified":"2016-02-26T12:04:44","modified_gmt":"2016-02-26T20:04:44","slug":"teresa-cifuentes","status":"publish","type":"page","link":"https:\/\/dharservices.com\/?page_id=2926","title":{"rendered":"Cifuentes Pl\u00e1, Teresa"},"content":{"rendered":"<p><img loading=\"lazy\" decoding=\"async\" class=\"alignleft size-medium wp-image-1333\" src=\"http:\/\/dharservices.com\/wp-content\/uploads\/2012\/05\/teresa-fuentes-169x300.jpg\" alt=\"teresa fuentes\" width=\"169\" height=\"300\" srcset=\"https:\/\/dharservices.com\/wp-content\/uploads\/2012\/05\/teresa-fuentes-169x300.jpg 169w, https:\/\/dharservices.com\/wp-content\/uploads\/2012\/05\/teresa-fuentes.jpg 479w\" sizes=\"auto, (max-width: 169px) 100vw, 169px\" \/>Naci\u00f3 un cinco de Noviembre en La Habana, Cuba. Cursa sus primeros estudios en la provincia de Camag\u00fcey donde se grad\u00faa en la Escuela Normal para Maestros. Sus versos han sido publicados por la revista literaria virtual Oriflama en Espa\u00f1a y por el Instituto de Cultura Peruana en el 2007.<br \/>\nEn el 2009 participa en la actividad Tinta Fresca de la 26 Feria Internacional del libro, con su poemario: \u201cUna hoja en el tiempo\u201d.<br \/>\nTambi\u00e9n ha participado en m\u00faltiples actividades Literarias.<br \/>\nVive actualmente en Miami.<\/p>\n<p>Particip\u00f3 en la antolog\u00eda:<\/p>\n<p><img loading=\"lazy\" decoding=\"async\" class=\"alignleft size-medium wp-image-3405\" src=\"http:\/\/dharservices.com\/wp-content\/uploads\/2016\/01\/dhar-book-web-Navegantes-de-palabras-208x300.jpg\" alt=\"dhar book web Navegantes de palabras\" width=\"208\" height=\"300\" srcset=\"https:\/\/dharservices.com\/wp-content\/uploads\/2016\/01\/dhar-book-web-Navegantes-de-palabras-208x300.jpg 208w, https:\/\/dharservices.com\/wp-content\/uploads\/2016\/01\/dhar-book-web-Navegantes-de-palabras-104x150.jpg 104w, https:\/\/dharservices.com\/wp-content\/uploads\/2016\/01\/dhar-book-web-Navegantes-de-palabras-768x1108.jpg 768w, https:\/\/dharservices.com\/wp-content\/uploads\/2016\/01\/dhar-book-web-Navegantes-de-palabras-710x1024.jpg 710w\" sizes=\"auto, (max-width: 208px) 100vw, 208px\" \/><\/p>\n","protected":false},"excerpt":{"rendered":"<p>Naci\u00f3 un cinco de Noviembre en La Habana, Cuba. Cursa sus primeros estudios en la provincia de Camag\u00fcey donde se grad\u00faa en la Escuela Normal para Maestros. Sus versos han sido publicados por la revista literaria virtual Oriflama en Espa\u00f1a y por el Instituto de Cultura Peruana en el 2007. En el 2009 participa en la actividad Tinta Fresca de la 26 Feria Internacional del libro, con su poemario: \u201cUna hoja en el tiempo\u201d. Tambi\u00e9n ha participado en m\u00faltiples actividades Literarias. Vive actualmente en Miami. Particip\u00f3 en la antolog\u00eda:<\/p>\n","protected":false},"author":1,"featured_media":0,"parent":0,"menu_order":0,"comment_status":"closed","ping_status":"closed","template":"","meta":{"footnotes":""},"class_list":["post-2926","page","type-page","status-publish","hentry"],"_links":{"self":[{"href":"https:\/\/dharservices.com\/index.php?rest_route=\/wp\/v2\/pages\/2926","targetHints":{"allow":["GET"]}}],"collection":[{"href":"https:\/\/dharservices.com\/index.php?rest_route=\/wp\/v2\/pages"}],"about":[{"href":"https:\/\/dharservices.com\/index.php?rest_route=\/wp\/v2\/types\/page"}],"author":[{"embeddable":true,"href":"https:\/\/dharservices.com\/index.php?rest_route=\/wp\/v2\/users\/1"}],"replies":[{"embeddable":true,"href":"https:\/\/dharservices.com\/index.php?rest_route=%2Fwp%2Fv2%2Fcomments&post=2926"}],"version-history":[{"count":4,"href":"https:\/\/dharservices.com\/index.php?rest_route=\/wp\/v2\/pages\/2926\/revisions"}],"predecessor-version":[{"id":3903,"href":"https:\/\/dharservices.com\/index.php?rest_route=\/wp\/v2\/pages\/2926\/revisions\/3903"}],"wp:attachment":[{"href":"https:\/\/dharservices.com\/index.php?rest_route=%2Fwp%2Fv2%2Fmedia&parent=2926"}],"curies":[{"name":"wp","href":"https:\/\/api.w.org\/{rel}","templated":true}]}}

Cifuentes Plá, Teresa

<p><img loading="lazy" decoding="async" class="alignleft size-medium wp-image-1333" src="http://dharservices.com/wp-content/uploads/2012/05/teresa-fuentes-169x300.jpg" alt="teresa fuentes" width="169" height="300" srcset="https://dharservices.com/wp-content/uploads/2012/05/teresa-fuentes-169x300.jpg 169w, https://dharservices.com/wp-content/uploads/2012/05/teresa-fuentes.jpg 479w" sizes="auto, (max-width: 169px) 100vw, 169px" />Nació un cinco de Noviembre en La Habana, Cuba. Cursa sus primeros estudios en la provincia de Camagüey donde se gradúa en la Escuela Normal para Maestros. Sus versos han sido publicados por la revista literaria virtual Oriflama en España y por el Instituto de Cultura Peruana en el 2007.<br />
En el 2009 participa en la actividad Tinta Fresca de la 26 Feria Internacional del libro, con su poemario: “Una hoja en el tiempo”.<br />
También ha participado en múltiples actividades Literarias.<br />
Vive actualmente en Miami.</p>
<p>Participó en la antología:</p>
<p><img loading="lazy" decoding="async" class="alignleft size-medium wp-image-3405" src="http://dharservices.com/wp-content/uploads/2016/01/dhar-book-web-Navegantes-de-palabras-208x300.jpg" alt="dhar book web Navegantes de palabras" width="208" height="300" srcset="https://dharservices.com/wp-content/uploads/2016/01/dhar-book-web-Navegantes-de-palabras-208x300.jpg 208w, https://dharservices.com/wp-content/uploads/2016/01/dhar-book-web-Navegantes-de-palabras-104x150.jpg 104w, https://dharservices.com/wp-content/uploads/2016/01/dhar-book-web-Navegantes-de-palabras-768x1108.jpg 768w, https://dharservices.com/wp-content/uploads/2016/01/dhar-book-web-Navegantes-de-palabras-710x1024.jpg 710w" sizes="auto, (max-width: 208px) 100vw, 208px" /></p>

<p>Nació un cinco de Noviembre en La Habana, Cuba. Cursa sus primeros estudios en la provincia de Camagüey donde se gradúa en la Escuela Normal para Maestros. Sus versos han sido publicados por la revista literaria virtual Oriflama en España y por el Instituto de Cultura Peruana en el 2007. En el 2009 participa en la actividad Tinta Fresca de la 26 Feria Internacional del libro, con su poemario: “Una hoja en el tiempo”. También ha participado en múltiples actividades Literarias. Vive actualmente en Miami. Participó en la antología:</p>
