{"id":2931,"date":"2016-01-16T18:33:40","date_gmt":"2016-01-17T02:33:40","guid":{"rendered":"http:\/\/dharservices.com\/?page_id=2931"},"modified":"2016-02-26T12:06:03","modified_gmt":"2016-02-26T20:06:03","slug":"rosa-fuentes","status":"publish","type":"page","link":"https:\/\/dharservices.com\/?page_id=2931","title":{"rendered":"Fuentes, Rosa"},"content":{"rendered":"<p><img loading=\"lazy\" decoding=\"async\" class=\"alignleft size-medium wp-image-1491\" src=\"http:\/\/dharservices.com\/wp-content\/uploads\/2012\/05\/DSC_8298-300x199.jpg\" alt=\"DSC_8298\" width=\"300\" height=\"199\" srcset=\"https:\/\/dharservices.com\/wp-content\/uploads\/2012\/05\/DSC_8298-300x199.jpg 300w, https:\/\/dharservices.com\/wp-content\/uploads\/2012\/05\/DSC_8298-1024x680.jpg 1024w\" sizes=\"auto, (max-width: 300px) 100vw, 300px\" \/>Naci\u00f3 en La Habana, Cuba. Desde muy temprana edad descubri\u00f3 su pasi\u00f3n por el arte. Graduada de Ciencias Comerciales en La Escuela de Comercio de La V\u00edbora.<\/p>\n<p>Ha recibido varios premios por sus pinturas. Ha sido finalista en varios concursos de poes\u00eda y mereci\u00f3 Menci\u00f3n de Honor en el VIII concurso Internacional de Poes\u00edas Lincoln-Mart\u00ed en el 2010. Recibi\u00f3 1era Menci\u00f3n en el XV Certamen Literario de Carta L\u00edrica 2011 y ganadora del 2do Premio del concurso \u201cEl Poema m\u00e1s Bello del 2011\u201d realizado por La Sociedad de Escritores y Poetas.<\/p>\n<p>Particip\u00f3 en las antolog\u00edas:<\/p>\n<p><img loading=\"lazy\" decoding=\"async\" class=\"alignleft size-medium wp-image-3405\" src=\"http:\/\/dharservices.com\/wp-content\/uploads\/2016\/01\/dhar-book-web-Navegantes-de-palabras-208x300.jpg\" alt=\"dhar book web Navegantes de palabras\" width=\"208\" height=\"300\" srcset=\"https:\/\/dharservices.com\/wp-content\/uploads\/2016\/01\/dhar-book-web-Navegantes-de-palabras-208x300.jpg 208w, https:\/\/dharservices.com\/wp-content\/uploads\/2016\/01\/dhar-book-web-Navegantes-de-palabras-104x150.jpg 104w, https:\/\/dharservices.com\/wp-content\/uploads\/2016\/01\/dhar-book-web-Navegantes-de-palabras-768x1108.jpg 768w, https:\/\/dharservices.com\/wp-content\/uploads\/2016\/01\/dhar-book-web-Navegantes-de-palabras-710x1024.jpg 710w\" sizes=\"auto, (max-width: 208px) 100vw, 208px\" \/><img loading=\"lazy\" decoding=\"async\" class=\"alignleft size-medium wp-image-3396\" src=\"http:\/\/dharservices.com\/wp-content\/uploads\/2016\/01\/dhar-book-web-el-espacio-infinito-del-cuento-208x300.jpg\" alt=\"dhar book web el espacio infinito del cuento\" width=\"208\" height=\"300\" srcset=\"https:\/\/dharservices.com\/wp-content\/uploads\/2016\/01\/dhar-book-web-el-espacio-infinito-del-cuento-208x300.jpg 208w, https:\/\/dharservices.com\/wp-content\/uploads\/2016\/01\/dhar-book-web-el-espacio-infinito-del-cuento-104x150.jpg 104w, https:\/\/dharservices.com\/wp-content\/uploads\/2016\/01\/dhar-book-web-el-espacio-infinito-del-cuento-768x1108.jpg 768w, https:\/\/dharservices.com\/wp-content\/uploads\/2016\/01\/dhar-book-web-el-espacio-infinito-del-cuento-710x1024.jpg 710w\" sizes=\"auto, (max-width: 208px) 100vw, 208px\" \/><\/p>\n","protected":false},"excerpt":{"rendered":"<p>Naci\u00f3 en La Habana, Cuba. Desde muy temprana edad descubri\u00f3 su pasi\u00f3n por el arte. Graduada de Ciencias Comerciales en La Escuela de Comercio de La V\u00edbora. Ha recibido varios premios por sus pinturas. Ha sido finalista en varios concursos de poes\u00eda y mereci\u00f3 Menci\u00f3n de Honor en el VIII concurso Internacional de Poes\u00edas Lincoln-Mart\u00ed en el 2010. Recibi\u00f3 1era Menci\u00f3n en el XV Certamen Literario de Carta L\u00edrica 2011 y ganadora del 2do Premio del concurso \u201cEl Poema m\u00e1s Bello del 2011\u201d realizado por La Sociedad de Escritores y Poetas. Particip\u00f3 en las antolog\u00edas:<\/p>\n","protected":false},"author":1,"featured_media":0,"parent":0,"menu_order":0,"comment_status":"closed","ping_status":"closed","template":"","meta":{"footnotes":""},"class_list":["post-2931","page","type-page","status-publish","hentry"],"_links":{"self":[{"href":"https:\/\/dharservices.com\/index.php?rest_route=\/wp\/v2\/pages\/2931","targetHints":{"allow":["GET"]}}],"collection":[{"href":"https:\/\/dharservices.com\/index.php?rest_route=\/wp\/v2\/pages"}],"about":[{"href":"https:\/\/dharservices.com\/index.php?rest_route=\/wp\/v2\/types\/page"}],"author":[{"embeddable":true,"href":"https:\/\/dharservices.com\/index.php?rest_route=\/wp\/v2\/users\/1"}],"replies":[{"embeddable":true,"href":"https:\/\/dharservices.com\/index.php?rest_route=%2Fwp%2Fv2%2Fcomments&post=2931"}],"version-history":[{"count":4,"href":"https:\/\/dharservices.com\/index.php?rest_route=\/wp\/v2\/pages\/2931\/revisions"}],"predecessor-version":[{"id":3904,"href":"https:\/\/dharservices.com\/index.php?rest_route=\/wp\/v2\/pages\/2931\/revisions\/3904"}],"wp:attachment":[{"href":"https:\/\/dharservices.com\/index.php?rest_route=%2Fwp%2Fv2%2Fmedia&parent=2931"}],"curies":[{"name":"wp","href":"https:\/\/api.w.org\/{rel}","templated":true}]}}