{"id":2939,"date":"2016-01-16T18:38:46","date_gmt":"2016-01-17T02:38:46","guid":{"rendered":"http:\/\/dharservices.com\/?page_id=2939"},"modified":"2016-02-26T11:47:16","modified_gmt":"2016-02-26T19:47:16","slug":"lesbia-lozano","status":"publish","type":"page","link":"https:\/\/dharservices.com\/?page_id=2939","title":{"rendered":"Lozano, Lesbia"},"content":{"rendered":"<p><img loading=\"lazy\" decoding=\"async\" class=\"alignleft size-medium wp-image-787\" src=\"http:\/\/dharservices.com\/wp-content\/uploads\/2011\/03\/foto-lesbia-300x202.jpg\" alt=\"foto lesbia\" width=\"300\" height=\"202\" \/>Naci\u00f3, en el a\u00f1o 1948, en la ciudad de Guant\u00e1namo, provincia de Oriente, Cuba. En sus actividades cotidianas siempre est\u00e1 acompa\u00f1ada por tres grandes amigos, el l\u00e1piz, la peque\u00f1a libreta y la esperanza; sirvi\u00e9ndose esto de apoyo y confidentes en las tristezas y las alegr\u00edas.<\/p>\n<p><img loading=\"lazy\" decoding=\"async\" class=\"alignleft size-medium wp-image-3409\" src=\"http:\/\/dharservices.com\/wp-content\/uploads\/2016\/01\/dhar-book-web-Un-horizonte-literario-208x300.jpg\" alt=\"dhar book web Un horizonte literario\" width=\"208\" height=\"300\" srcset=\"https:\/\/dharservices.com\/wp-content\/uploads\/2016\/01\/dhar-book-web-Un-horizonte-literario-208x300.jpg 208w, https:\/\/dharservices.com\/wp-content\/uploads\/2016\/01\/dhar-book-web-Un-horizonte-literario-104x150.jpg 104w, https:\/\/dharservices.com\/wp-content\/uploads\/2016\/01\/dhar-book-web-Un-horizonte-literario-768x1108.jpg 768w, https:\/\/dharservices.com\/wp-content\/uploads\/2016\/01\/dhar-book-web-Un-horizonte-literario-710x1024.jpg 710w\" sizes=\"auto, (max-width: 208px) 100vw, 208px\" \/><\/p>\n","protected":false},"excerpt":{"rendered":"<p>Naci\u00f3, en el a\u00f1o 1948, en la ciudad de Guant\u00e1namo, provincia de Oriente, Cuba. En sus actividades cotidianas siempre est\u00e1 acompa\u00f1ada por tres grandes amigos, el l\u00e1piz, la peque\u00f1a libreta y la esperanza; sirvi\u00e9ndose esto de apoyo y confidentes en las tristezas y las alegr\u00edas.<\/p>\n","protected":false},"author":1,"featured_media":0,"parent":0,"menu_order":0,"comment_status":"closed","ping_status":"closed","template":"","meta":{"footnotes":""},"class_list":["post-2939","page","type-page","status-publish","hentry"],"_links":{"self":[{"href":"https:\/\/dharservices.com\/index.php?rest_route=\/wp\/v2\/pages\/2939","targetHints":{"allow":["GET"]}}],"collection":[{"href":"https:\/\/dharservices.com\/index.php?rest_route=\/wp\/v2\/pages"}],"about":[{"href":"https:\/\/dharservices.com\/index.php?rest_route=\/wp\/v2\/types\/page"}],"author":[{"embeddable":true,"href":"https:\/\/dharservices.com\/index.php?rest_route=\/wp\/v2\/users\/1"}],"replies":[{"embeddable":true,"href":"https:\/\/dharservices.com\/index.php?rest_route=%2Fwp%2Fv2%2Fcomments&post=2939"}],"version-history":[{"count":3,"href":"https:\/\/dharservices.com\/index.php?rest_route=\/wp\/v2\/pages\/2939\/revisions"}],"predecessor-version":[{"id":3884,"href":"https:\/\/dharservices.com\/index.php?rest_route=\/wp\/v2\/pages\/2939\/revisions\/3884"}],"wp:attachment":[{"href":"https:\/\/dharservices.com\/index.php?rest_route=%2Fwp%2Fv2%2Fmedia&parent=2939"}],"curies":[{"name":"wp","href":"https:\/\/api.w.org\/{rel}","templated":true}]}}