{"id":2947,"date":"2016-01-16T18:42:59","date_gmt":"2016-01-17T02:42:59","guid":{"rendered":"http:\/\/dharservices.com\/?page_id=2947"},"modified":"2016-02-26T11:59:23","modified_gmt":"2016-02-26T19:59:23","slug":"orestes-a-perez","status":"publish","type":"page","link":"https:\/\/dharservices.com\/?page_id=2947","title":{"rendered":"P\u00e9rez, Orestes A."},"content":{"rendered":"<p><img loading=\"lazy\" decoding=\"async\" class=\"alignleft size-medium wp-image-873\" src=\"http:\/\/dharservices.com\/wp-content\/uploads\/2011\/03\/IMGP5093-276x300.jpg\" alt=\"IMGP5093\" width=\"276\" height=\"300\" srcset=\"https:\/\/dharservices.com\/wp-content\/uploads\/2011\/03\/IMGP5093-276x300.jpg 276w, https:\/\/dharservices.com\/wp-content\/uploads\/2011\/03\/IMGP5093.jpg 285w\" sizes=\"auto, (max-width: 276px) 100vw, 276px\" \/>Naci\u00f3 en Marianao, La Habana, Cuba el 9 de Noviembre de 1940, ingresa en el Instituto de la Segunda ense\u00f1anza de Marianao, gradu\u00e1ndose de bachiller en Ciencias y Letras. Y en la Escuela Profesional de Comercio como Contador P\u00fablico.<br \/>\nEn 1979 sali\u00f3 para Espa\u00f1a donde trabaj\u00f3 y estudi\u00f3, all\u00ed empez\u00f3 sus primeros escritos y los public\u00f3 en varias ciudades europeas, en 1981 emigr\u00f3 a los Estados Unidos.<br \/>\nEstudi\u00f3 en Miami en el Community College y logr\u00f3 el t\u00edtulo de \u201cBachiller en Letras\u201d. Actualmente se dedica a la docencia en Miami. Ha publicado sus diferentes producciones literarias en revistas y peri\u00f3dicos, adem\u00e1s ha recibido numerosos premios, honores, condecoraciones, dentro y fuera de los Estados Unidos.<\/p>\n<p>&nbsp;<\/p>\n<p>Particip\u00f3 en las antolog\u00edas:<\/p>\n<p><img loading=\"lazy\" decoding=\"async\" class=\"alignleft size-medium wp-image-3409\" src=\"http:\/\/dharservices.com\/wp-content\/uploads\/2016\/01\/dhar-book-web-Un-horizonte-literario-208x300.jpg\" alt=\"dhar book web Un horizonte literario\" width=\"208\" height=\"300\" srcset=\"https:\/\/dharservices.com\/wp-content\/uploads\/2016\/01\/dhar-book-web-Un-horizonte-literario-208x300.jpg 208w, https:\/\/dharservices.com\/wp-content\/uploads\/2016\/01\/dhar-book-web-Un-horizonte-literario-104x150.jpg 104w, https:\/\/dharservices.com\/wp-content\/uploads\/2016\/01\/dhar-book-web-Un-horizonte-literario-768x1108.jpg 768w, https:\/\/dharservices.com\/wp-content\/uploads\/2016\/01\/dhar-book-web-Un-horizonte-literario-710x1024.jpg 710w\" sizes=\"auto, (max-width: 208px) 100vw, 208px\" \/><img loading=\"lazy\" decoding=\"async\" class=\"alignleft size-medium wp-image-3405\" src=\"http:\/\/dharservices.com\/wp-content\/uploads\/2016\/01\/dhar-book-web-Navegantes-de-palabras-208x300.jpg\" alt=\"dhar book web Navegantes de palabras\" width=\"208\" height=\"300\" srcset=\"https:\/\/dharservices.com\/wp-content\/uploads\/2016\/01\/dhar-book-web-Navegantes-de-palabras-208x300.jpg 208w, https:\/\/dharservices.com\/wp-content\/uploads\/2016\/01\/dhar-book-web-Navegantes-de-palabras-104x150.jpg 104w, https:\/\/dharservices.com\/wp-content\/uploads\/2016\/01\/dhar-book-web-Navegantes-de-palabras-768x1108.jpg 768w, https:\/\/dharservices.com\/wp-content\/uploads\/2016\/01\/dhar-book-web-Navegantes-de-palabras-710x1024.jpg 710w\" sizes=\"auto, (max-width: 208px) 100vw, 208px\" \/><img loading=\"lazy\" decoding=\"async\" class=\"alignleft size-medium wp-image-3396\" src=\"http:\/\/dharservices.com\/wp-content\/uploads\/2016\/01\/dhar-book-web-el-espacio-infinito-del-cuento-208x300.jpg\" alt=\"dhar book web el espacio infinito del cuento\" width=\"208\" height=\"300\" srcset=\"https:\/\/dharservices.com\/wp-content\/uploads\/2016\/01\/dhar-book-web-el-espacio-infinito-del-cuento-208x300.jpg 208w, https:\/\/dharservices.com\/wp-content\/uploads\/2016\/01\/dhar-book-web-el-espacio-infinito-del-cuento-104x150.jpg 104w, https:\/\/dharservices.com\/wp-content\/uploads\/2016\/01\/dhar-book-web-el-espacio-infinito-del-cuento-768x1108.jpg 768w, https:\/\/dharservices.com\/wp-content\/uploads\/2016\/01\/dhar-book-web-el-espacio-infinito-del-cuento-710x1024.jpg 710w\" sizes=\"auto, (max-width: 208px) 100vw, 208px\" \/><\/p>\n","protected":false},"excerpt":{"rendered":"<p>Naci\u00f3 en Marianao, La Habana, Cuba el 9 de Noviembre de 1940, ingresa en el Instituto de la Segunda ense\u00f1anza de Marianao, gradu\u00e1ndose de bachiller en Ciencias y Letras. Y en la Escuela Profesional de Comercio como Contador P\u00fablico. En 1979 sali\u00f3 para Espa\u00f1a donde trabaj\u00f3 y estudi\u00f3, all\u00ed empez\u00f3 sus primeros escritos y los public\u00f3 en varias ciudades europeas, en 1981 emigr\u00f3 a los Estados Unidos. Estudi\u00f3 en Miami en el Community College y logr\u00f3 el t\u00edtulo de \u201cBachiller en Letras\u201d. Actualmente se dedica a la docencia en Miami. Ha publicado sus diferentes producciones literarias en revistas y peri\u00f3dicos, adem\u00e1s ha recibido numerosos premios, honores, condecoraciones, dentro y fuera de los Estados Unidos. &nbsp; Particip\u00f3 en las antolog\u00edas:<\/p>\n","protected":false},"author":1,"featured_media":0,"parent":0,"menu_order":0,"comment_status":"closed","ping_status":"closed","template":"","meta":{"footnotes":""},"class_list":["post-2947","page","type-page","status-publish","hentry"],"_links":{"self":[{"href":"https:\/\/dharservices.com\/index.php?rest_route=\/wp\/v2\/pages\/2947","targetHints":{"allow":["GET"]}}],"collection":[{"href":"https:\/\/dharservices.com\/index.php?rest_route=\/wp\/v2\/pages"}],"about":[{"href":"https:\/\/dharservices.com\/index.php?rest_route=\/wp\/v2\/types\/page"}],"author":[{"embeddable":true,"href":"https:\/\/dharservices.com\/index.php?rest_route=\/wp\/v2\/users\/1"}],"replies":[{"embeddable":true,"href":"https:\/\/dharservices.com\/index.php?rest_route=%2Fwp%2Fv2%2Fcomments&post=2947"}],"version-history":[{"count":4,"href":"https:\/\/dharservices.com\/index.php?rest_route=\/wp\/v2\/pages\/2947\/revisions"}],"predecessor-version":[{"id":3897,"href":"https:\/\/dharservices.com\/index.php?rest_route=\/wp\/v2\/pages\/2947\/revisions\/3897"}],"wp:attachment":[{"href":"https:\/\/dharservices.com\/index.php?rest_route=%2Fwp%2Fv2%2Fmedia&parent=2947"}],"curies":[{"name":"wp","href":"https:\/\/api.w.org\/{rel}","templated":true}]}}