{"id":2962,"date":"2016-01-16T18:51:30","date_gmt":"2016-01-17T02:51:30","guid":{"rendered":"http:\/\/dharservices.com\/?page_id=2962"},"modified":"2016-02-26T11:58:06","modified_gmt":"2016-02-26T19:58:06","slug":"miriam-sarmiento","status":"publish","type":"page","link":"https:\/\/dharservices.com\/?page_id=2962","title":{"rendered":"Sarmiento, Miriam"},"content":{"rendered":"<p><img loading=\"lazy\" decoding=\"async\" class=\"alignleft size-medium wp-image-1357\" src=\"http:\/\/dharservices.com\/wp-content\/uploads\/2012\/05\/congreso-0101-206x300.jpg\" alt=\"congreso 0101\" width=\"206\" height=\"300\" srcset=\"https:\/\/dharservices.com\/wp-content\/uploads\/2012\/05\/congreso-0101-206x300.jpg 206w, https:\/\/dharservices.com\/wp-content\/uploads\/2012\/05\/congreso-0101-703x1024.jpg 703w, https:\/\/dharservices.com\/wp-content\/uploads\/2012\/05\/congreso-0101.jpg 756w\" sizes=\"auto, (max-width: 206px) 100vw, 206px\" \/>Nacida en La Habana, Cuba. Arrib\u00f3 a los Estados Unidos a trav\u00e9s de la Operaci\u00f3n Pedro Pan en 1962.<\/p>\n<p>Su pasi\u00f3n por la literatura, la ha llevado a escribir una diversidad de poemas y cuentos, los cuales han sido publicados en diferentes antolog\u00edas. Entre sus trabajos m\u00e1s recientes, el cuento \u201c\u00daltima Voluntad\u201d recibi\u00f3 menci\u00f3n de honor en el D\u00e9cimo Certamen Internacional de Cuento y Poes\u00eda JuninPais 2011, que tuvo lugar en la provincia de Buenos Aires, Argentina, y el poema \u201c\u00a1Oh, Madre Naturaleza!\u201d el cual obtuvo el primer lugar en el Concurso Latinoamericano de Poes\u00eda D\u2019Autor Club 2011, en el estado de Washington.<\/p>\n<p>&nbsp;<\/p>\n<p>&nbsp;<\/p>\n<p><img loading=\"lazy\" decoding=\"async\" class=\"size-medium wp-image-3398 aligncenter\" src=\"http:\/\/dharservices.com\/wp-content\/uploads\/2016\/01\/dhar-book-web-Viveencias-en-cuento-y-verso-208x300.jpg\" alt=\"dhar book web Viveencias en cuento y verso\" width=\"208\" height=\"300\" srcset=\"https:\/\/dharservices.com\/wp-content\/uploads\/2016\/01\/dhar-book-web-Viveencias-en-cuento-y-verso-208x300.jpg 208w, https:\/\/dharservices.com\/wp-content\/uploads\/2016\/01\/dhar-book-web-Viveencias-en-cuento-y-verso-104x150.jpg 104w, https:\/\/dharservices.com\/wp-content\/uploads\/2016\/01\/dhar-book-web-Viveencias-en-cuento-y-verso-768x1108.jpg 768w, https:\/\/dharservices.com\/wp-content\/uploads\/2016\/01\/dhar-book-web-Viveencias-en-cuento-y-verso-710x1024.jpg 710w\" sizes=\"auto, (max-width: 208px) 100vw, 208px\" \/><\/p>\n<p>Obtenlo en: www.amazon.com<\/p>\n<p>Particip\u00f3 en la antolog\u00eda:<\/p>\n<p><img loading=\"lazy\" decoding=\"async\" class=\"alignleft size-medium wp-image-3405\" src=\"http:\/\/dharservices.com\/wp-content\/uploads\/2016\/01\/dhar-book-web-Navegantes-de-palabras-208x300.jpg\" alt=\"dhar book web Navegantes de palabras\" width=\"208\" height=\"300\" srcset=\"https:\/\/dharservices.com\/wp-content\/uploads\/2016\/01\/dhar-book-web-Navegantes-de-palabras-208x300.jpg 208w, https:\/\/dharservices.com\/wp-content\/uploads\/2016\/01\/dhar-book-web-Navegantes-de-palabras-104x150.jpg 104w, https:\/\/dharservices.com\/wp-content\/uploads\/2016\/01\/dhar-book-web-Navegantes-de-palabras-768x1108.jpg 768w, https:\/\/dharservices.com\/wp-content\/uploads\/2016\/01\/dhar-book-web-Navegantes-de-palabras-710x1024.jpg 710w\" sizes=\"auto, (max-width: 208px) 100vw, 208px\" \/><\/p>\n","protected":false},"excerpt":{"rendered":"<p>Nacida en La Habana, Cuba. Arrib\u00f3 a los Estados Unidos a trav\u00e9s de la Operaci\u00f3n Pedro Pan en 1962. Su pasi\u00f3n por la literatura, la ha llevado a escribir una diversidad de poemas y cuentos, los cuales han sido publicados en diferentes antolog\u00edas. Entre sus trabajos m\u00e1s recientes, el cuento \u201c\u00daltima Voluntad\u201d recibi\u00f3 menci\u00f3n de honor en el D\u00e9cimo Certamen Internacional de Cuento y Poes\u00eda JuninPais 2011, que tuvo lugar en la provincia de Buenos Aires, Argentina, y el poema \u201c\u00a1Oh, Madre Naturaleza!\u201d el cual obtuvo el primer lugar en el Concurso Latinoamericano de Poes\u00eda D\u2019Autor Club 2011, en el estado de Washington. &nbsp; &nbsp; Obtenlo en: www.amazon.com Particip\u00f3 en la antolog\u00eda:<\/p>\n","protected":false},"author":1,"featured_media":0,"parent":0,"menu_order":0,"comment_status":"closed","ping_status":"closed","template":"","meta":{"footnotes":""},"class_list":["post-2962","page","type-page","status-publish","hentry"],"_links":{"self":[{"href":"https:\/\/dharservices.com\/index.php?rest_route=\/wp\/v2\/pages\/2962","targetHints":{"allow":["GET"]}}],"collection":[{"href":"https:\/\/dharservices.com\/index.php?rest_route=\/wp\/v2\/pages"}],"about":[{"href":"https:\/\/dharservices.com\/index.php?rest_route=\/wp\/v2\/types\/page"}],"author":[{"embeddable":true,"href":"https:\/\/dharservices.com\/index.php?rest_route=\/wp\/v2\/users\/1"}],"replies":[{"embeddable":true,"href":"https:\/\/dharservices.com\/index.php?rest_route=%2Fwp%2Fv2%2Fcomments&post=2962"}],"version-history":[{"count":5,"href":"https:\/\/dharservices.com\/index.php?rest_route=\/wp\/v2\/pages\/2962\/revisions"}],"predecessor-version":[{"id":3895,"href":"https:\/\/dharservices.com\/index.php?rest_route=\/wp\/v2\/pages\/2962\/revisions\/3895"}],"wp:attachment":[{"href":"https:\/\/dharservices.com\/index.php?rest_route=%2Fwp%2Fv2%2Fmedia&parent=2962"}],"curies":[{"name":"wp","href":"https:\/\/api.w.org\/{rel}","templated":true}]}}