{"id":4103,"date":"2017-12-13T13:13:18","date_gmt":"2017-12-13T21:13:18","guid":{"rendered":"http:\/\/dharservices.com\/?page_id=4103"},"modified":"2018-01-25T21:01:07","modified_gmt":"2018-01-26T05:01:07","slug":"dr-claudia-u-orrett","status":"publish","type":"page","link":"https:\/\/dharservices.com\/?page_id=4103","title":{"rendered":"Dr. Claudia U. Orrett"},"content":{"rendered":"<p>&nbsp;<\/p>\n<p><img loading=\"lazy\" decoding=\"async\" class=\"alignleft size-medium wp-image-4107\" src=\"https:\/\/dharservices.com\/wp-content\/uploads\/2017\/12\/CHLOE-JOUERNEY-1-200x300.jpg\" alt=\"CHLOE JOUERNEY 1\" width=\"200\" height=\"300\" srcset=\"https:\/\/dharservices.com\/wp-content\/uploads\/2017\/12\/CHLOE-JOUERNEY-1-200x300.jpg 200w, https:\/\/dharservices.com\/wp-content\/uploads\/2017\/12\/CHLOE-JOUERNEY-1-100x150.jpg 100w, https:\/\/dharservices.com\/wp-content\/uploads\/2017\/12\/CHLOE-JOUERNEY-1-768x1150.jpg 768w, https:\/\/dharservices.com\/wp-content\/uploads\/2017\/12\/CHLOE-JOUERNEY-1-684x1024.jpg 684w, https:\/\/dharservices.com\/wp-content\/uploads\/2017\/12\/CHLOE-JOUERNEY-1.jpg 922w\" sizes=\"auto, (max-width: 200px) 100vw, 200px\" \/><\/p>\n<p><strong>CHLOE&#8217;S JOURNEY<\/strong><\/p>\n<p><strong><sub>CHLOE\u2019S JOURNEY<\/sub><\/strong><sub>, <strong>A DIFFERENT WAY TO SEE LIFE <\/strong><\/sub><\/p>\n<p><sub>By Claudia U. Orrett<\/sub><\/p>\n<p><sub>When you grow up, you find your life partner and you may or may not have children. I was blessed to be the mother of twins as I always wanted to be a mom.\u00a0 When my two daughters started to grow I noticed that one of them didn\u2019t reach her milestones as quickly as the other one did. <\/sub><\/p>\n<p><sub>Whenever you do not like what you are seeing or experiencing, you try to remove yourself or change the situation. Sometimes this doesn\u2019t seem like a possible option. \u00a0<\/sub><\/p>\n<p><sub>My daughter was diagnosed with Cerebral Palsy.\u00a0\u00a0Cerebral Palsy \u2013 also known as CP &#8211; is the MOST common motor disability and the second most common disability in children, after Autism.\u00a0\u00a0According to the Center for Disease Control, 1 in 278 children have Cerebral Palsy.\u00a0Cerebral Palsy describes a disorder that affects the ability to control movement due to damage to the brain.\u00a0 This is a non-progressive disorder that can occur before birth, during delivery, or soon after being born.\u00a0 The physical symptoms typically appear in the first few years of life.\u00a0<\/sub><\/p>\n<p><sub>This finding made me and my husband feel terrible but we tried to see the situation with another point of view. As a parent we can\u2019t be dejected or depressed. We went throw triumphs and challenges, and we did all that we thought was the best for our daughter. I decided to write a book \u201cChloe\u2019s Journey\u201d that is the story about my daughter named Chloe. The book describes my journey as a mother with the purpose of helping other mothers or families who have experienced similar situations, and also to help raise awareness about the challenges of raising a child with Cerebral Palsy<\/sub><\/p>\n<p>&nbsp;<\/p>\n<p>&nbsp;<\/p>\n<p><img loading=\"lazy\" decoding=\"async\" class=\"alignleft size-medium wp-image-4111\" src=\"https:\/\/dharservices.com\/wp-content\/uploads\/2017\/12\/La-travesia-de-Clhoe_-Cover--198x300.jpg\" alt=\"La travesia de Clhoe_ Cover =\" width=\"198\" height=\"300\" srcset=\"https:\/\/dharservices.com\/wp-content\/uploads\/2017\/12\/La-travesia-de-Clhoe_-Cover--198x300.jpg 198w, https:\/\/dharservices.com\/wp-content\/uploads\/2017\/12\/La-travesia-de-Clhoe_-Cover--99x150.jpg 99w, https:\/\/dharservices.com\/wp-content\/uploads\/2017\/12\/La-travesia-de-Clhoe_-Cover-.jpg 413w\" sizes=\"auto, (max-width: 198px) 100vw, 198px\" \/><strong>LA TRAVESIA DE CHLOE<\/strong><\/p>\n<p>Gu\u00eda de la vida de una madre con su peque\u00f1a hija diagnosticada con par\u00e1lisis cerebral<\/p>\n<p>Has o\u00eddo te han dicho muchas veces:<\/p>\n<p>&#8220;cambia el modo de ver las cosas&#8221;. Es f\u00e1cil decirlo cuando uno no est\u00e1 viviendo en los zapatos de la otra persona. \u00bfPor qu\u00e9 hago alusi\u00f3n a este t\u00e9rmino?<\/p>\n<p>Crecemos creyendo en cuentos de hadas, que encontr\u00e1remos a la pareja ideal y tendremos una familia feliz e hijos sanos y hermosos. En la realidad de la vida algunas parejas no pueden tener hijos o no los desean, en mi caso yo siempre quise tener hijos.<\/p>\n<p>Viv\u00ed la soledad en la experiencia de ser hija \u00fanica, y son\u00e9 con tener varios hijos cuando me casara, fui bendecida al ser madre de gemelas.<\/p>\n<p>Nunca imagin\u00e9 los desaf\u00edos que ten\u00eda que enfrentar al tener gemelas y mucho menos tener a una beb\u00e9 con limitaciones.<\/p>\n<p>Cuando a uno no le gusta lo que est\u00e1 viendo o experimentando, desea poder borrar o cambiar la situaci\u00f3n. En mi caso no tuve ninguna opci\u00f3n plausible, ante estas circunstancias cambi\u00e9 la lente para ver mi realidad con una perspectiva diferente.<\/p>\n<p>Tanto mi esposo como yo, decidimos vivir sin sentir l\u00e1stima por nosotros mismos o por nuestra linda hija. Nadie se puede imaginar los desaf\u00edos que se enfrentan a diario, incluso con algo tan simple, como cuando tu hijo o hija quiere jugar al f\u00fatbol o bailar ballet. Una sola acci\u00f3n o juego se puede convertir en una situaci\u00f3n estresante.<\/p>\n<p>&nbsp;<\/p>\n","protected":false},"excerpt":{"rendered":"<p>&nbsp; CHLOE&#8217;S JOURNEY CHLOE\u2019S JOURNEY, A DIFFERENT WAY TO SEE LIFE By Claudia U. Orrett When you grow up, you find your life partner and you may or may not have children. I was blessed to be the mother of twins as I always wanted to be a mom.\u00a0 When my two daughters started to grow I noticed that one of them didn\u2019t reach her milestones as quickly as the other one did. Whenever you do not like what you are seeing or experiencing, you try to remove yourself or change the situation. Sometimes this doesn\u2019t seem like a possible option. \u00a0 My daughter was diagnosed with Cerebral Palsy.\u00a0\u00a0Cerebral Palsy \u2013 also known as CP &#8211; is the MOST common motor disability and the second most common disability in children, after Autism.\u00a0\u00a0According to the Center for Disease Control, 1 in 278 children have Cerebral Palsy.\u00a0Cerebral Palsy describes a disorder that affects the ability to control movement due to damage to the brain.\u00a0 This is a non-progressive disorder that can occur before birth, during delivery, or soon after being born.\u00a0 The physical symptoms typically appear in the first few years of life.\u00a0 This finding made me and my husband feel terrible but we tried to see the situation with another point of view. As a parent we can\u2019t be dejected or depressed. We went throw triumphs and challenges, and we did all that we thought was the best for our daughter. I decided to write a book \u201cChloe\u2019s Journey\u201d that is the story about my daughter named Chloe. The book describes my journey as a mother with the purpose of helping other mothers or families who have experienced similar situations, and also to help raise awareness about the challenges of raising a child with Cerebral Palsy &nbsp; &nbsp; LA TRAVESIA DE CHLOE Gu\u00eda de la vida de una madre con su peque\u00f1a hija diagnosticada con par\u00e1lisis cerebral Has o\u00eddo te han dicho muchas veces: &#8220;cambia el modo de ver las cosas&#8221;. Es f\u00e1cil decirlo cuando uno no est\u00e1 viviendo en los zapatos de la otra persona. \u00bfPor qu\u00e9 hago alusi\u00f3n a este t\u00e9rmino? Crecemos creyendo en cuentos de hadas, que encontr\u00e1remos a la pareja ideal y tendremos una familia feliz e hijos sanos y hermosos. En la realidad de la vida algunas parejas no pueden tener hijos o no los desean, en mi caso yo siempre quise tener hijos. Viv\u00ed la soledad en la experiencia de ser hija \u00fanica, y son\u00e9 con tener varios hijos cuando me casara, fui bendecida al ser madre de gemelas. Nunca imagin\u00e9 los desaf\u00edos que ten\u00eda que enfrentar al tener gemelas y mucho menos tener a una beb\u00e9 con limitaciones. Cuando a uno no le gusta lo que est\u00e1 viendo o experimentando, desea poder borrar o cambiar la situaci\u00f3n. En mi caso no tuve ninguna opci\u00f3n plausible, ante estas circunstancias cambi\u00e9 la lente para ver mi realidad con una perspectiva diferente. Tanto mi esposo como yo, decidimos vivir sin sentir l\u00e1stima por nosotros mismos o por nuestra linda hija. Nadie se puede imaginar los desaf\u00edos que se enfrentan a diario, incluso con algo tan simple, como cuando tu hijo o hija quiere jugar al f\u00fatbol o bailar ballet. Una sola acci\u00f3n o juego se puede convertir en una situaci\u00f3n estresante. &nbsp;<\/p>\n","protected":false},"author":1,"featured_media":0,"parent":0,"menu_order":0,"comment_status":"closed","ping_status":"closed","template":"","meta":{"footnotes":""},"class_list":["post-4103","page","type-page","status-publish","hentry"],"_links":{"self":[{"href":"https:\/\/dharservices.com\/index.php?rest_route=\/wp\/v2\/pages\/4103","targetHints":{"allow":["GET"]}}],"collection":[{"href":"https:\/\/dharservices.com\/index.php?rest_route=\/wp\/v2\/pages"}],"about":[{"href":"https:\/\/dharservices.com\/index.php?rest_route=\/wp\/v2\/types\/page"}],"author":[{"embeddable":true,"href":"https:\/\/dharservices.com\/index.php?rest_route=\/wp\/v2\/users\/1"}],"replies":[{"embeddable":true,"href":"https:\/\/dharservices.com\/index.php?rest_route=%2Fwp%2Fv2%2Fcomments&post=4103"}],"version-history":[{"count":11,"href":"https:\/\/dharservices.com\/index.php?rest_route=\/wp\/v2\/pages\/4103\/revisions"}],"predecessor-version":[{"id":4155,"href":"https:\/\/dharservices.com\/index.php?rest_route=\/wp\/v2\/pages\/4103\/revisions\/4155"}],"wp:attachment":[{"href":"https:\/\/dharservices.com\/index.php?rest_route=%2Fwp%2Fv2%2Fmedia&parent=4103"}],"curies":[{"name":"wp","href":"https:\/\/api.w.org\/{rel}","templated":true}]}}